CRAN Package Check Results for Package dblr

Last updated on 2023-01-28 20:54:25 CET.

Flavor Version Tinstall Tcheck Ttotal Status Flags
r-devel-linux-x86_64-debian-clang 0.1.0 9.33 74.63 83.96 NOTE
r-devel-linux-x86_64-debian-gcc 0.1.0 6.84 54.20 61.04 NOTE
r-devel-linux-x86_64-fedora-clang 0.1.0 99.32 NOTE
r-devel-linux-x86_64-fedora-gcc 0.1.0 92.51 NOTE
r-devel-windows-x86_64 0.1.0 11.00 86.00 97.00 NOTE
r-patched-linux-x86_64 0.1.0 6.22 68.74 74.96 NOTE
r-release-linux-x86_64 0.1.0 8.63 71.58 80.21 NOTE
r-release-macos-arm64 0.1.0 38.00 NOTE
r-release-macos-x86_64 0.1.0 42.00 NOTE
r-release-windows-x86_64 0.1.0 13.00 87.00 100.00 NOTE
r-oldrel-macos-arm64 0.1.0 34.00 NOTE
r-oldrel-macos-x86_64 0.1.0 59.00 NOTE
r-oldrel-windows-ix86+x86_64 0.1.0 18.00 87.00 105.00 NOTE

Check Details

Version: 0.1.0
Check: LazyData
Result: NOTE
     'LazyData' is specified without a 'data' directory
Flavors: r-devel-linux-x86_64-debian-clang, r-devel-linux-x86_64-debian-gcc, r-devel-linux-x86_64-fedora-clang, r-devel-linux-x86_64-fedora-gcc, r-devel-windows-x86_64, r-patched-linux-x86_64, r-release-linux-x86_64, r-release-macos-arm64, r-release-macos-x86_64, r-release-windows-x86_64, r-oldrel-macos-arm64, r-oldrel-macos-x86_64, r-oldrel-windows-ix86+x86_64