CRAN Package Check Results for Package dblr

Last updated on 2023-11-27 19:52:36 CET.

Flavor Version Tinstall Tcheck Ttotal Status Flags
r-devel-linux-x86_64-debian-clang 0.1.0 7.47 73.03 80.50 NOTE
r-devel-linux-x86_64-debian-gcc 0.1.0 6.75 56.36 63.11 NOTE
r-devel-linux-x86_64-fedora-clang 0.1.0 101.11 NOTE
r-devel-linux-x86_64-fedora-gcc 0.1.0 91.12 NOTE
r-devel-windows-x86_64 0.1.0 8.00 67.00 75.00 NOTE
r-patched-linux-x86_64 0.1.0 6.63 69.47 76.10 NOTE
r-release-linux-x86_64 0.1.0 7.29 69.51 76.80 NOTE
r-release-macos-arm64 0.1.0 31.00 NOTE
r-release-macos-x86_64 0.1.0 50.00 NOTE
r-release-windows-x86_64 0.1.0 8.00 76.00 84.00 NOTE
r-oldrel-macos-arm64 0.1.0 29.00 NOTE
r-oldrel-macos-x86_64 0.1.0 42.00 NOTE
r-oldrel-windows-x86_64 0.1.0 9.00 78.00 87.00 NOTE

Check Details

Version: 0.1.0
Check: LazyData
Result: NOTE 'LazyData' is specified without a 'data' directory Flavors: r-devel-linux-x86_64-debian-clang, r-devel-linux-x86_64-debian-gcc, r-devel-linux-x86_64-fedora-clang, r-devel-linux-x86_64-fedora-gcc, r-devel-windows-x86_64, r-patched-linux-x86_64, r-release-linux-x86_64, r-release-macos-arm64, r-release-macos-x86_64, r-release-windows-x86_64, r-oldrel-macos-arm64, r-oldrel-macos-x86_64, r-oldrel-windows-x86_64