Last updated on 2024-04-22 20:53:33 CEST.
Flavor | Version | Tinstall | Tcheck | Ttotal | Status | Flags |
---|---|---|---|---|---|---|
r-devel-linux-x86_64-debian-clang | 0.0-22 | 2.99 | 63.97 | 66.96 | NOTE | |
r-devel-linux-x86_64-debian-gcc | 0.0-22 | 2.93 | 43.64 | 46.57 | NOTE | |
r-devel-linux-x86_64-fedora-clang | 0.0-22 | 80.03 | NOTE | |||
r-devel-linux-x86_64-fedora-gcc | 0.0-22 | 77.16 | NOTE | |||
r-prerel-macos-arm64 | 0.0-22 | 22.00 | NOTE | |||
r-prerel-windows-x86_64 | 0.0-22 | 4.00 | 70.00 | 74.00 | NOTE | |
r-patched-linux-x86_64 | 0.0-22 | 5.62 | 58.76 | 64.38 | NOTE | |
r-release-linux-x86_64 | 0.0-22 | 4.01 | 60.02 | 64.03 | OK | |
r-release-macos-arm64 | 0.0-22 | 25.00 | OK | |||
r-release-macos-x86_64 | 0.0-22 | 39.00 | OK | |||
r-release-windows-x86_64 | 0.0-22 | 5.00 | 76.00 | 81.00 | OK | |
r-oldrel-macos-arm64 | 0.0-22 | 24.00 | OK | |||
r-oldrel-windows-x86_64 | 0.0-22 | 6.00 | 76.00 | 82.00 | OK |
Version: 0.0-22
Check: Rd files
Result: NOTE
checkRd: (-1) plot.mleBb.Rd:48: Lost braces
48 | \ code{size} is extracted from argument \code{x}.
| ^
Flavors: r-devel-linux-x86_64-debian-clang, r-devel-linux-x86_64-debian-gcc, r-devel-linux-x86_64-fedora-clang, r-devel-linux-x86_64-fedora-gcc, r-prerel-macos-arm64, r-prerel-windows-x86_64, r-patched-linux-x86_64