Last updated on 2025-11-25 20:50:48 CET.
| Flavor | Version | Tinstall | Tcheck | Ttotal | Status | Flags |
|---|---|---|---|---|---|---|
| r-devel-linux-x86_64-debian-clang | 0.9-32 | 47.36 | 147.52 | 194.88 | OK | |
| r-devel-linux-x86_64-debian-gcc | 0.9-32 | 33.34 | 98.33 | 131.67 | OK | |
| r-devel-linux-x86_64-fedora-clang | 0.9-32 | 141.00 | 200.81 | 341.81 | OK | |
| r-devel-linux-x86_64-fedora-gcc | 0.9-32 | 130.00 | 193.31 | 323.31 | OK | |
| r-devel-windows-x86_64 | 0.9-32 | 93.00 | 182.00 | 275.00 | OK | |
| r-patched-linux-x86_64 | 0.9-32 | 44.96 | 131.27 | 176.23 | OK | |
| r-release-linux-x86_64 | 0.9-32 | 44.04 | 132.35 | 176.39 | OK | |
| r-release-macos-arm64 | 0.9-32 | OK | ||||
| r-release-macos-x86_64 | 0.9-32 | 79.00 | 227.00 | 306.00 | OK | |
| r-release-windows-x86_64 | 0.9-32 | 69.00 | 194.00 | 263.00 | OK | |
| r-oldrel-macos-arm64 | 0.9-32 | NOTE | ||||
| r-oldrel-macos-x86_64 | 0.9-32 | 82.00 | 227.00 | 309.00 | OK | |
| r-oldrel-windows-x86_64 | 0.9-32 | 83.00 | 222.00 | 305.00 | OK |
Version: 0.9-32
Check: package vignettes
Result: NOTE
Package has ‘vignettes’ subdirectory but apparently no vignettes.
Perhaps the ‘VignetteBuilder’ information is missing from the
DESCRIPTION file?
Flavor: r-oldrel-macos-arm64