CRAN Package Check Results for Package datr

Last updated on 2022-10-05 21:53:31 CEST.

Flavor Version Tinstall Tcheck Ttotal Status Flags
r-devel-linux-x86_64-debian-clang 0.1.0 2.57 25.56 28.13 NOTE
r-devel-linux-x86_64-debian-gcc 0.1.0 1.43 19.75 21.18 NOTE
r-devel-linux-x86_64-fedora-clang 0.1.0 46.16 NOTE
r-devel-linux-x86_64-fedora-gcc 0.1.0 44.82 NOTE
r-devel-windows-x86_64 0.1.0 10.00 55.00 65.00 NOTE
r-patched-linux-x86_64 0.1.0 1.93 24.31 26.24 NOTE
r-release-linux-x86_64 0.1.0 2.15 24.06 26.21 NOTE
r-release-macos-arm64 0.1.0 17.00 NOTE
r-release-macos-x86_64 0.1.0 25.00 NOTE
r-release-windows-x86_64 0.1.0 8.00 54.00 62.00 NOTE
r-oldrel-macos-arm64 0.1.0 23.00 NOTE
r-oldrel-macos-x86_64 0.1.0 26.00 NOTE
r-oldrel-windows-ix86+x86_64 0.1.0 9.00 48.00 57.00 NOTE

Check Details

Version: 0.1.0
Check: LazyData
Result: NOTE
     'LazyData' is specified without a 'data' directory
Flavors: r-devel-linux-x86_64-debian-clang, r-devel-linux-x86_64-debian-gcc, r-devel-linux-x86_64-fedora-clang, r-devel-linux-x86_64-fedora-gcc, r-devel-windows-x86_64, r-patched-linux-x86_64, r-release-linux-x86_64, r-release-macos-arm64, r-release-macos-x86_64, r-release-windows-x86_64, r-oldrel-macos-arm64, r-oldrel-macos-x86_64, r-oldrel-windows-ix86+x86_64