CRAN Package Check Results for Package datawizard

Last updated on 2024-02-25 19:49:54 CET.

Flavor Version Tinstall Tcheck Ttotal Status Flags
r-devel-linux-x86_64-debian-clang 0.9.1 14.22 244.01 258.23 OK
r-devel-linux-x86_64-debian-gcc 0.9.1 8.86 181.29 190.15 OK
r-devel-linux-x86_64-fedora-clang 0.9.1 311.13 NOTE
r-devel-linux-x86_64-fedora-gcc 0.9.1 332.87 OK
r-devel-windows-x86_64 0.9.1 13.00 191.00 204.00 OK
r-patched-linux-x86_64 0.9.1 14.79 229.76 244.55 OK
r-release-linux-x86_64 0.9.1 12.42 232.85 245.27 OK
r-release-macos-arm64 0.9.1 98.00 OK
r-release-macos-x86_64 0.9.1 224.00 OK
r-release-windows-x86_64 0.9.1 17.00 231.00 248.00 OK
r-oldrel-macos-arm64 0.9.1 92.00 OK
r-oldrel-windows-x86_64 0.9.1 17.00 214.00 231.00 OK

Check Details

Version: 0.9.1
Check: Rd cross-references
Result: NOTE Undeclared package ‘performance’ in Rd xrefs Flavor: r-devel-linux-x86_64-fedora-clang