Last updated on 2024-04-17 20:57:31 CEST.
Flavor | Version | Tinstall | Tcheck | Ttotal | Status | Flags |
---|---|---|---|---|---|---|
r-devel-linux-x86_64-debian-clang | 0.8.11 | 95.69 | 37.58 | 133.27 | NOTE | |
r-devel-linux-x86_64-debian-gcc | 0.8.11 | 77.23 | 28.58 | 105.81 | NOTE | |
r-devel-linux-x86_64-fedora-clang | 0.8.11 | 184.43 | NOTE | |||
r-devel-linux-x86_64-fedora-gcc | 0.8.11 | 191.82 | NOTE | |||
r-prerel-macos-arm64 | 0.8.11 | 68.00 | NOTE | |||
r-prerel-windows-x86_64 | 0.8.11 | 77.00 | 82.00 | 159.00 | NOTE | |
r-patched-linux-x86_64 | 0.8.11 | 89.88 | 35.48 | 125.36 | NOTE | |
r-release-linux-x86_64 | 0.8.11 | 94.59 | 35.92 | 130.51 | NOTE | |
r-release-macos-arm64 | 0.8.11 | 78.00 | NOTE | |||
r-release-macos-x86_64 | 0.8.11 | 130.00 | NOTE | |||
r-release-windows-x86_64 | 0.8.11 | 65.00 | 83.00 | 148.00 | NOTE | |
r-oldrel-macos-arm64 | 0.8.11 | 76.00 | NOTE | |||
r-oldrel-windows-x86_64 | 0.8.11 | 72.00 | 77.00 | 149.00 | NOTE |
Version: 0.8.11
Check: C++ specification
Result: NOTE
Specified C++11: please drop specification unless essential
Flavors: r-devel-linux-x86_64-debian-clang, r-devel-linux-x86_64-debian-gcc, r-devel-linux-x86_64-fedora-clang, r-devel-linux-x86_64-fedora-gcc, r-prerel-macos-arm64, r-prerel-windows-x86_64, r-patched-linux-x86_64, r-release-linux-x86_64, r-release-macos-arm64, r-release-macos-x86_64, r-release-windows-x86_64
Version: 0.8.11
Check: for GNU extensions in Makefiles
Result: NOTE
GNU make is a SystemRequirements.
Flavors: r-devel-linux-x86_64-debian-clang, r-devel-linux-x86_64-debian-gcc, r-devel-linux-x86_64-fedora-clang, r-devel-linux-x86_64-fedora-gcc, r-prerel-macos-arm64, r-prerel-windows-x86_64, r-patched-linux-x86_64, r-release-linux-x86_64, r-release-macos-arm64, r-release-macos-x86_64, r-release-windows-x86_64, r-oldrel-macos-arm64, r-oldrel-windows-x86_64
Version: 0.8.11
Check: installed package size
Result: NOTE
installed size is 5.1Mb
sub-directories of 1Mb or more:
libs 4.6Mb
Flavors: r-release-macos-arm64, r-release-macos-x86_64, r-oldrel-macos-arm64