CRAN Package Check Results for Package dataframes2xls

Last updated on 2022-10-02 22:51:35 CEST.

Flavor Version Tinstall Tcheck Ttotal Status Flags
r-devel-linux-x86_64-debian-clang 0.4.7 2.52 20.91 23.43 OK
r-devel-linux-x86_64-debian-gcc 0.4.7 1.80 16.71 18.51 OK
r-devel-linux-x86_64-fedora-clang 0.4.7 41.52 NOTE
r-devel-linux-x86_64-fedora-gcc 0.4.7 40.56 OK
r-devel-windows-x86_64 0.4.7 137.00 48.00 185.00 OK
r-patched-linux-x86_64 0.4.7 1.94 20.63 22.57 OK
r-release-linux-x86_64 0.4.7 2.09 20.89 22.98 OK
r-release-macos-arm64 0.4.7 14.00 OK
r-release-macos-x86_64 0.4.7 21.00 OK
r-release-windows-x86_64 0.4.7 8.00 42.00 50.00 OK
r-oldrel-macos-arm64 0.4.7 17.00 OK
r-oldrel-macos-x86_64 0.4.7 28.00 OK
r-oldrel-windows-ix86+x86_64 0.4.7 6.00 24.00 30.00 OK

Check Details

Version: 0.4.7
Check: Rd cross-references
Result: NOTE
    Undeclared package ‘gdata’ in Rd xrefs
Flavor: r-devel-linux-x86_64-fedora-clang