CRAN Package Check Results for Package datacleanr

Last updated on 2023-12-05 20:49:28 CET.

Flavor Version Tinstall Tcheck Ttotal Status Flags
r-devel-linux-x86_64-debian-clang 1.0.3 6.13 49.22 55.35 OK
r-devel-linux-x86_64-debian-gcc 1.0.3 4.42 37.60 42.02 OK
r-devel-linux-x86_64-fedora-clang 1.0.3 72.63 NOTE
r-devel-linux-x86_64-fedora-gcc 1.0.3 70.95 NOTE
r-devel-windows-x86_64 1.0.3 7.00 63.00 70.00 OK
r-patched-linux-x86_64 1.0.3 11.56 49.02 60.58 OK
r-release-linux-x86_64 1.0.3 5.93 47.51 53.44 OK
r-release-macos-arm64 1.0.3 24.00 OK
r-release-macos-x86_64 1.0.3 41.00 OK
r-release-windows-x86_64 1.0.3 9.00 68.00 77.00 OK
r-oldrel-macos-arm64 1.0.3 24.00 NOTE
r-oldrel-macos-x86_64 1.0.3 40.00 NOTE
r-oldrel-windows-x86_64 1.0.3 9.00 66.00 75.00 OK

Check Details

Version: 1.0.3
Check: dependencies in R code
Result: NOTE Namespace in Imports field not imported from: ‘htmltools’ All declared Imports should be used. Flavors: r-devel-linux-x86_64-fedora-clang, r-devel-linux-x86_64-fedora-gcc, r-oldrel-macos-arm64, r-oldrel-macos-x86_64