Last updated on 2024-07-17 20:56:57 CEST.
Flavor | Version | Tinstall | Tcheck | Ttotal | Status | Flags |
---|---|---|---|---|---|---|
r-devel-linux-x86_64-debian-clang | 0.75 | 17.89 | 163.72 | 181.61 | OK | |
r-devel-linux-x86_64-debian-gcc | 0.75 | 14.67 | 118.27 | 132.94 | OK | |
r-devel-linux-x86_64-fedora-clang | 0.75 | 223.48 | OK | |||
r-devel-linux-x86_64-fedora-gcc | 0.75 | 221.57 | OK | |||
r-devel-windows-x86_64 | 0.75 | 17.00 | 126.00 | 143.00 | NOTE | |
r-patched-linux-x86_64 | 0.75 | 21.85 | 150.75 | 172.60 | OK | |
r-release-linux-x86_64 | 0.75 | 11.60 | 153.96 | 165.56 | OK | |
r-release-macos-arm64 | 0.75 | 61.00 | OK | |||
r-release-macos-x86_64 | 0.75 | 91.00 | OK | |||
r-release-windows-x86_64 | 0.75 | 18.00 | 128.00 | 146.00 | OK | |
r-oldrel-macos-arm64 | 0.75 | 70.00 | OK | |||
r-oldrel-macos-x86_64 | 0.75 | 148.00 | OK | |||
r-oldrel-windows-x86_64 | 0.75 | 22.00 | 156.00 | 178.00 | OK |
Version: 0.75
Check: Rd cross-references
Result: NOTE
Found the following Rd file(s) with Rd \link{} targets missing package
anchors:
gl.filter.parent.offspring.Rd: gl.report.rdepth,
gl.report.reproducibility
gl.report.parent.offspring.Rd: gl.report.rdepth,
gl.report.reproducibility
Please provide package anchors for all Rd \link{} targets not in the
package itself and the base packages.
Flavor: r-devel-windows-x86_64