Last updated on 2023-11-27 19:52:36 CET.
Flavor | Version | Tinstall | Tcheck | Ttotal | Status | Flags |
---|---|---|---|---|---|---|
r-devel-linux-x86_64-debian-clang | 0.0.15 | 6.79 | 25.13 | 31.92 | OK | |
r-devel-linux-x86_64-debian-gcc | 0.0.15 | 4.78 | 20.68 | 25.46 | OK | |
r-devel-linux-x86_64-fedora-clang | 0.0.15 | WARN | ||||
r-devel-linux-x86_64-fedora-gcc | 0.0.15 | 40.59 | OK | |||
r-devel-windows-x86_64 | 0.0.15 | 9.00 | 64.00 | 73.00 | OK | |
r-patched-linux-x86_64 | 0.0.15 | 7.13 | 25.04 | 32.17 | OK | |
r-release-linux-x86_64 | 0.0.15 | 6.37 | 25.02 | 31.39 | OK | |
r-release-macos-arm64 | 0.0.15 | 20.00 | OK | |||
r-release-macos-x86_64 | 0.0.15 | 27.00 | OK | |||
r-release-windows-x86_64 | 0.0.15 | 11.00 | 71.00 | 82.00 | OK | |
r-oldrel-macos-arm64 | 0.0.15 | 20.00 | OK | |||
r-oldrel-macos-x86_64 | 0.0.15 | 25.00 | OK | |||
r-oldrel-windows-x86_64 | 0.0.15 | 9.00 | 58.00 | 67.00 | OK |
Version: 0.0.15
Check: whether package can be installed
Result: WARN
Found the following significant warnings:
/data/gannet/ripley/R/test-clang/tidyCpp/include/tidy/internals.h:106:67: warning: format string is not a string literal (potentially insecure) [-Wformat-security]
See ‘/data/gannet/ripley/R/packages/tests-clang/dang.Rcheck/00install.out’ for details.
* used C compiler: ‘clang version 17.0.5’
* used C++ compiler: ‘clang version 17.0.5’
Flavor: r-devel-linux-x86_64-fedora-clang