Last updated on 2025-10-31 19:58:08 CET.
| Flavor | Version | Tinstall | Tcheck | Ttotal | Status | Flags | 
|---|---|---|---|---|---|---|
| r-devel-linux-x86_64-debian-clang | 0.0.16 | 5.83 | 23.94 | 29.77 | NOTE | |
| r-devel-linux-x86_64-debian-gcc | 0.0.16 | 3.78 | 19.15 | 22.93 | NOTE | |
| r-devel-linux-x86_64-fedora-clang | 0.0.16 | 18.00 | 31.37 | 49.37 | OK | |
| r-devel-linux-x86_64-fedora-gcc | 0.0.16 | 11.00 | 32.09 | 43.09 | OK | |
| r-devel-windows-x86_64 | 0.0.16 | 9.00 | 59.00 | 68.00 | OK | |
| r-patched-linux-x86_64 | 0.0.16 | 5.26 | 22.13 | 27.39 | OK | |
| r-release-linux-x86_64 | 0.0.16 | 5.01 | 22.18 | 27.19 | OK | |
| r-release-macos-arm64 | 0.0.16 | 4.00 | 14.00 | 18.00 | OK | |
| r-release-macos-x86_64 | 0.0.16 | 6.00 | 23.00 | 29.00 | OK | |
| r-release-windows-x86_64 | 0.0.16 | 11.00 | 60.00 | 71.00 | OK | |
| r-oldrel-macos-arm64 | 0.0.16 | 3.00 | 14.00 | 17.00 | OK | |
| r-oldrel-macos-x86_64 | 0.0.16 | 4.00 | 22.00 | 26.00 | OK | |
| r-oldrel-windows-x86_64 | 0.0.16 | 12.00 | 72.00 | 84.00 | OK | 
Version: 0.0.16
Check: CRAN incoming feasibility
Result: NOTE
  Maintainer: ‘Dirk Eddelbuettel <edd@debian.org>’
  
  No Authors@R field in DESCRIPTION.
  Please add one, modifying
    Authors@R: c(person(given = c("Dirk", "Eddelbuettel", "with", "contributions", "by", "Brodie"),
                        family = "Gaslam",
                        role = "aut"),
                 person(given = "Kevin",
                        family = "Denny",
                        role = "aut"),
                 person(given = "Kabira",
                        family = "Namit",
                        role = "aut"),
                 person(given = "Colin",
                        family = "Gillespie",
                        role = "aut"),
                 person(given = "R",
                        family = "Core",
                        role = "aut"),
                 person(given = "Josh",
                        family = "Ulrich",
                        role = "aut"),
                 person(given = c("Jordan", "Mark"),
                        family = "Barbone",
                        role = "aut"),
                 person(given = "Bill",
                        family = "Dunlap",
                        role = "aut"),
                 person(family = "others.",
                        role = "aut"),
                 person(given = "Dirk",
                        family = "Eddelbuettel",
                        role = "cre",
                        email = "edd@debian.org"))
  as necessary.
Flavors: r-devel-linux-x86_64-debian-clang, r-devel-linux-x86_64-debian-gcc