Last updated on 2024-04-17 20:57:31 CEST.
Flavor | Version | Tinstall | Tcheck | Ttotal | Status | Flags |
---|---|---|---|---|---|---|
r-devel-linux-x86_64-debian-clang | 0.3.0 | 8.13 | 57.75 | 65.88 | OK | |
r-devel-linux-x86_64-debian-gcc | 0.3.0 | 5.98 | 45.14 | 51.12 | OK | |
r-devel-linux-x86_64-fedora-clang | 0.3.0 | 84.37 | NOTE | |||
r-devel-linux-x86_64-fedora-gcc | 0.3.0 | 96.69 | NOTE | |||
r-prerel-macos-arm64 | 0.3.0 | 35.00 | OK | |||
r-prerel-windows-x86_64 | 0.3.0 | 9.00 | 62.00 | 71.00 | OK | |
r-patched-linux-x86_64 | 0.3.0 | 8.15 | 55.39 | 63.54 | OK | |
r-release-linux-x86_64 | 0.3.0 | 7.41 | 57.93 | 65.34 | OK | |
r-release-macos-arm64 | 0.3.0 | 37.00 | OK | |||
r-release-macos-x86_64 | 0.3.0 | 56.00 | OK | |||
r-release-windows-x86_64 | 0.3.0 | 12.00 | 74.00 | 86.00 | OK | |
r-oldrel-macos-arm64 | 0.3.0 | 36.00 | NOTE | |||
r-oldrel-windows-x86_64 | 0.3.0 | 12.00 | 75.00 | 87.00 | OK |
Version: 0.3.0
Check: data for non-ASCII characters
Result: NOTE
Note: found 5 marked UTF-8 strings
Flavors: r-devel-linux-x86_64-fedora-clang, r-devel-linux-x86_64-fedora-gcc, r-oldrel-macos-arm64