CRAN Package Check Results for Package daff

Last updated on 2022-09-28 21:51:35 CEST.

Flavor Version Tinstall Tcheck Ttotal Status Flags
r-devel-linux-x86_64-debian-clang 0.3.5 3.44 41.16 44.60 NOTE
r-devel-linux-x86_64-debian-gcc 0.3.5 2.62 32.06 34.68 NOTE
r-devel-linux-x86_64-fedora-clang 0.3.5 67.53 NOTE
r-devel-linux-x86_64-fedora-gcc 0.3.5 66.26 NOTE
r-devel-windows-x86_64 0.3.5 13.00 65.00 78.00 NOTE
r-patched-linux-x86_64 0.3.5 3.90 40.32 44.22 NOTE
r-release-linux-x86_64 0.3.5 3.02 39.61 42.63 NOTE
r-release-macos-arm64 0.3.5 19.00 NOTE
r-release-macos-x86_64 0.3.5 27.00 NOTE
r-release-windows-x86_64 0.3.5 17.00 67.00 84.00 NOTE
r-oldrel-macos-arm64 0.3.5 21.00 NOTE
r-oldrel-macos-x86_64 0.3.5 40.00 NOTE
r-oldrel-windows-ix86+x86_64 0.3.5 12.00 80.00 92.00 NOTE

Check Details

Version: 0.3.5
Check: package subdirectories
Result: NOTE
    Problems with news in 'NEWS.md':
    No news entries found.
Flavors: r-devel-linux-x86_64-debian-clang, r-devel-linux-x86_64-debian-gcc, r-devel-linux-x86_64-fedora-clang, r-devel-linux-x86_64-fedora-gcc, r-devel-windows-x86_64

Version: 0.3.5
Check: LazyData
Result: NOTE
     'LazyData' is specified without a 'data' directory
Flavors: r-devel-linux-x86_64-debian-clang, r-devel-linux-x86_64-debian-gcc, r-devel-linux-x86_64-fedora-clang, r-devel-linux-x86_64-fedora-gcc, r-devel-windows-x86_64, r-patched-linux-x86_64, r-release-linux-x86_64, r-release-macos-arm64, r-release-macos-x86_64, r-release-windows-x86_64, r-oldrel-macos-arm64, r-oldrel-macos-x86_64, r-oldrel-windows-ix86+x86_64