Last updated on 2024-03-28 19:48:29 CET.
Flavor | Version | Tinstall | Tcheck | Ttotal | Status | Flags |
---|---|---|---|---|---|---|
r-devel-linux-x86_64-debian-clang | 1.0.2 | 16.03 | 204.84 | 220.87 | NOTE | |
r-devel-linux-x86_64-debian-gcc | 1.0.2 | 13.64 | 146.41 | 160.05 | NOTE | |
r-devel-linux-x86_64-fedora-clang | 1.0.2 | 258.90 | NOTE | |||
r-devel-linux-x86_64-fedora-gcc | 1.0.2 | 268.83 | NOTE | |||
r-devel-windows-x86_64 | 1.0.2 | 15.00 | 185.00 | 200.00 | NOTE | |
r-patched-linux-x86_64 | 1.0.2 | 14.88 | 195.75 | 210.63 | NOTE | |
r-release-linux-x86_64 | 1.0.2 | 13.48 | 191.40 | 204.88 | OK | |
r-release-macos-arm64 | 1.0.2 | 81.00 | OK | |||
r-release-macos-x86_64 | 1.0.2 | 130.00 | OK | |||
r-release-windows-x86_64 | 1.0.2 | 21.00 | 222.00 | 243.00 | OK | |
r-oldrel-macos-arm64 | 1.0.2 | 71.00 | OK | |||
r-oldrel-windows-x86_64 | 1.0.2 | 20.00 | 204.00 | 224.00 | OK |
Version: 1.0.2
Check: Rd files
Result: NOTE
checkRd: (-1) scale_color_dMod.Rd:10: Lost braces
10 | \item{...}{arguments goint to code{scale_color_manual()}}
| ^
checkRd: (-1) scale_fill_dMod.Rd:10: Lost braces
10 | \item{...}{arguments goint to code{scale_color_manual()}}
| ^
checkRd: (-1) trust.Rd:103: Lost braces in \itemize; \value handles \item{}{} directly
checkRd: (-1) trust.Rd:104: Lost braces in \itemize; \value handles \item{}{} directly
checkRd: (-1) trust.Rd:105: Lost braces in \itemize; \value handles \item{}{} directly
checkRd: (-1) trust.Rd:106: Lost braces in \itemize; \value handles \item{}{} directly
checkRd: (-1) trust.Rd:107-108: Lost braces in \itemize; \value handles \item{}{} directly
checkRd: (-1) trust.Rd:109-110: Lost braces in \itemize; \value handles \item{}{} directly
checkRd: (-1) trust.Rd:111-112: Lost braces in \itemize; \value handles \item{}{} directly
checkRd: (-1) trust.Rd:113-114: Lost braces in \itemize; \value handles \item{}{} directly
checkRd: (-1) trust.Rd:115-122: Lost braces in \itemize; \value handles \item{}{} directly
checkRd: (-1) trust.Rd:123-126: Lost braces in \itemize; \value handles \item{}{} directly
checkRd: (-1) trust.Rd:127: Lost braces in \itemize; \value handles \item{}{} directly
checkRd: (-1) trust.Rd:128-131: Lost braces in \itemize; \value handles \item{}{} directly
checkRd: (-1) trust.Rd:132-133: Lost braces in \itemize; \value handles \item{}{} directly
checkRd: (-1) trust.Rd:134-135: Lost braces in \itemize; \value handles \item{}{} directly
checkRd: (-1) trust.Rd:136-138: Lost braces in \itemize; \value handles \item{}{} directly
checkRd: (-1) trust.Rd:139-141: Lost braces in \itemize; \value handles \item{}{} directly
Flavors: r-devel-linux-x86_64-debian-clang, r-devel-linux-x86_64-debian-gcc, r-devel-linux-x86_64-fedora-clang, r-devel-linux-x86_64-fedora-gcc, r-devel-windows-x86_64, r-patched-linux-x86_64