Last updated on 2024-07-17 20:56:57 CEST.
Flavor | Version | Tinstall | Tcheck | Ttotal | Status | Flags |
---|---|---|---|---|---|---|
r-devel-linux-x86_64-debian-clang | 1.0.1 | 6.27 | 55.22 | 61.49 | OK | |
r-devel-linux-x86_64-debian-gcc | 1.0.1 | 4.59 | 41.55 | 46.14 | OK | |
r-devel-linux-x86_64-fedora-clang | 1.0.1 | 79.56 | OK | |||
r-devel-linux-x86_64-fedora-gcc | 1.0.1 | 72.13 | OK | |||
r-devel-windows-x86_64 | 1.0.1 | 8.00 | 62.00 | 70.00 | NOTE | |
r-patched-linux-x86_64 | 1.0.1 | 9.22 | 53.50 | 62.72 | OK | |
r-release-linux-x86_64 | 1.0.1 | 5.43 | 52.19 | 57.62 | OK | |
r-release-macos-arm64 | 1.0.1 | 24.00 | OK | |||
r-release-macos-x86_64 | 1.0.1 | 37.00 | OK | |||
r-release-windows-x86_64 | 1.0.1 | 8.00 | 61.00 | 69.00 | OK | |
r-oldrel-macos-arm64 | 1.0.1 | 29.00 | OK | |||
r-oldrel-macos-x86_64 | 1.0.1 | 47.00 | OK | |||
r-oldrel-windows-x86_64 | 1.0.1 | 8.00 | 67.00 | 75.00 | OK |
Version: 1.0.1
Check: Rd cross-references
Result: NOTE
Found the following Rd file(s) with Rd \link{} targets missing package
anchors:
CUR.Rd: pcor, spcor
Please provide package anchors for all Rd \link{} targets not in the
package itself and the base packages.
Flavor: r-devel-windows-x86_64