CRAN Package Check Results for Package d3Tree

Last updated on 2022-09-27 21:53:47 CEST.

Flavor Version Tinstall Tcheck Ttotal Status Flags
r-devel-linux-x86_64-debian-clang 0.2.2 6.04 54.49 60.53 OK
r-devel-linux-x86_64-debian-gcc 0.2.2 4.22 39.89 44.11 OK
r-devel-linux-x86_64-fedora-clang 0.2.2 84.80 NOTE
r-devel-linux-x86_64-fedora-gcc 0.2.2 82.69 NOTE
r-devel-windows-x86_64 0.2.2 13.00 76.00 89.00 OK
r-patched-linux-x86_64 0.2.2 6.21 49.70 55.91 OK
r-release-linux-x86_64 0.2.2 4.85 50.00 54.85 OK
r-release-macos-arm64 0.2.2 22.00 NOTE
r-release-macos-x86_64 0.2.2 44.00 NOTE
r-release-windows-x86_64 0.2.2 14.00 77.00 91.00 OK
r-oldrel-macos-arm64 0.2.2 28.00 NOTE
r-oldrel-macos-x86_64 0.2.2 41.00 NOTE
r-oldrel-windows-ix86+x86_64 0.2.2 15.00 76.00 91.00 OK

Check Details

Version: 0.2.2
Check: dependencies in R code
Result: NOTE
    Namespace in Imports field not imported from: ‘magrittr’
     All declared Imports should be used.
Flavors: r-devel-linux-x86_64-fedora-clang, r-devel-linux-x86_64-fedora-gcc, r-release-macos-arm64, r-release-macos-x86_64, r-oldrel-macos-arm64, r-oldrel-macos-x86_64