Last updated on 2023-06-02 22:01:10 CEST.
Flavor | Version | Tinstall | Tcheck | Ttotal | Status | Flags |
---|---|---|---|---|---|---|
r-devel-linux-x86_64-debian-clang | 0.2.2 | 8.15 | 148.79 | 156.94 | NOTE | |
r-devel-linux-x86_64-debian-gcc | 0.2.2 | 8.08 | 114.47 | 122.55 | NOTE | |
r-devel-linux-x86_64-fedora-clang | 0.2.2 | 196.80 | NOTE | |||
r-devel-linux-x86_64-fedora-gcc | 0.2.2 | 197.32 | NOTE | |||
r-devel-windows-x86_64 | 0.2.2 | 10.00 | 120.00 | 130.00 | NOTE | |
r-patched-linux-x86_64 | 0.2.2 | NOTE | ||||
r-release-linux-x86_64 | 0.2.2 | 6.06 | 143.44 | 149.50 | NOTE | |
r-release-macos-arm64 | 0.2.2 | 65.00 | NOTE | |||
r-release-macos-x86_64 | 0.2.2 | 108.00 | NOTE | |||
r-release-windows-x86_64 | 0.2.2 | 12.00 | 148.00 | 160.00 | NOTE | |
r-oldrel-macos-arm64 | 0.2.2 | 48.00 | NOTE | |||
r-oldrel-macos-x86_64 | 0.2.2 | 93.00 | NOTE | |||
r-oldrel-windows-x86_64 | 0.2.2 | 13.00 | 145.00 | 158.00 | NOTE |
Version: 0.2.2
Check: LazyData
Result: NOTE
'LazyData' is specified without a 'data' directory
Flavors: r-devel-linux-x86_64-debian-clang, r-devel-linux-x86_64-debian-gcc, r-devel-linux-x86_64-fedora-clang, r-devel-linux-x86_64-fedora-gcc, r-devel-windows-x86_64, r-patched-linux-x86_64, r-release-linux-x86_64, r-release-macos-arm64, r-release-macos-x86_64, r-release-windows-x86_64, r-oldrel-macos-arm64, r-oldrel-macos-x86_64, r-oldrel-windows-x86_64