CRAN Package Check Results for Package cytominer

Last updated on 2024-06-23 20:50:54 CEST.

Flavor Version Tinstall Tcheck Ttotal Status Flags
r-devel-linux-x86_64-debian-clang 0.2.2 9.03 147.38 156.41 NOTE
r-devel-linux-x86_64-debian-gcc 0.2.2 6.29 106.98 113.27 NOTE
r-devel-linux-x86_64-fedora-clang 0.2.2 198.42 NOTE
r-devel-linux-x86_64-fedora-gcc 0.2.2 209.75 NOTE
r-devel-windows-x86_64 0.2.2 9.00 116.00 125.00 NOTE
r-patched-linux-x86_64 0.2.2 8.98 139.33 148.31 NOTE
r-release-linux-x86_64 0.2.2 5.48 143.90 149.38 NOTE
r-release-macos-arm64 0.2.2 55.00 NOTE
r-release-macos-x86_64 0.2.2 89.00 NOTE
r-release-windows-x86_64 0.2.2 10.00 117.00 127.00 NOTE
r-oldrel-macos-arm64 0.2.2 65.00 NOTE
r-oldrel-macos-x86_64 0.2.2 108.00 NOTE
r-oldrel-windows-x86_64 0.2.2 11.00 139.00 150.00 NOTE

Check Details

Version: 0.2.2
Check: LazyData
Result: NOTE 'LazyData' is specified without a 'data' directory Flavors: r-devel-linux-x86_64-debian-clang, r-devel-linux-x86_64-debian-gcc, r-devel-linux-x86_64-fedora-clang, r-devel-linux-x86_64-fedora-gcc, r-devel-windows-x86_64, r-patched-linux-x86_64, r-release-linux-x86_64, r-release-macos-arm64, r-release-macos-x86_64, r-release-windows-x86_64, r-oldrel-macos-arm64, r-oldrel-macos-x86_64, r-oldrel-windows-x86_64