Last updated on 2025-05-06 20:50:38 CEST.
Flavor | Version | Tinstall | Tcheck | Ttotal | Status | Flags |
---|---|---|---|---|---|---|
r-devel-linux-x86_64-debian-clang | 2.0.2 | 25.59 | 404.90 | 430.49 | NOTE | |
r-devel-linux-x86_64-debian-gcc | 2.0.2 | 18.32 | 253.75 | 272.07 | NOTE | |
r-devel-linux-x86_64-fedora-clang | 2.0.2 | 663.07 | NOTE | |||
r-devel-linux-x86_64-fedora-gcc | 2.0.2 | 693.88 | NOTE | |||
r-devel-windows-x86_64 | 2.0.2 | 31.00 | 412.00 | 443.00 | NOTE | |
r-patched-linux-x86_64 | 2.0.2 | 22.28 | 380.57 | 402.85 | NOTE | |
r-release-linux-x86_64 | 2.0.2 | 24.60 | 379.22 | 403.82 | NOTE | |
r-release-macos-arm64 | 2.0.2 | 184.00 | NOTE | |||
r-release-macos-x86_64 | 2.0.2 | 416.00 | NOTE | |||
r-release-windows-x86_64 | 2.0.2 | 32.00 | 412.00 | 444.00 | NOTE | |
r-oldrel-macos-arm64 | 2.0.2 | 178.00 | NOTE | |||
r-oldrel-macos-x86_64 | 2.0.2 | 304.00 | NOTE | |||
r-oldrel-windows-x86_64 | 2.0.2 | 39.00 | 536.00 | 575.00 | NOTE |
Version: 2.0.2
Check: CRAN incoming feasibility
Result: NOTE
Maintainer: ‘Boris P Hejblum <boris.hejblum@u-bordeaux.fr>’
No Authors@R field in DESCRIPTION.
Please add one, modifying
Authors@R: c(person(given = "Chariff",
family = "Alkhassim",
role = "aut"),
person(given = c("Boris", "P"),
family = "Hejblum",
role = c("aut", "cre"),
email = "boris.hejblum@u-bordeaux.fr"),
person(given = "Anthony",
family = "Devaux",
role = "aut"),
person(given = c("Van", "Hung", "Huynh"),
family = "Tran",
role = "aut"))
as necessary.
Package CITATION file contains call(s) to old-style citEntry(). Please
use bibentry() instead.
Flavors: r-devel-linux-x86_64-debian-clang, r-devel-linux-x86_64-debian-gcc
Version: 2.0.2
Check: Rd files
Result: NOTE
checkRd: (-1) CytofTree.Rd:47-48: Lost braces in \itemize; \value handles \item{}{} directly
checkRd: (-1) CytofTree.Rd:49: Lost braces in \itemize; \value handles \item{}{} directly
checkRd: (-1) CytofTree.Rd:50: Lost braces in \itemize; \value handles \item{}{} directly
checkRd: (-1) CytofTree.Rd:51-52: Lost braces in \itemize; \value handles \item{}{} directly
checkRd: (-1) CytofTree.Rd:53: Lost braces in \itemize; \value handles \item{}{} directly
checkRd: (-1) CytofTree.Rd:54: Lost braces in \itemize; \value handles \item{}{} directly
checkRd: (-1) CytomeTree.Rd:33-34: Lost braces in \itemize; \value handles \item{}{} directly
checkRd: (-1) CytomeTree.Rd:35: Lost braces in \itemize; \value handles \item{}{} directly
checkRd: (-1) CytomeTree.Rd:36: Lost braces in \itemize; \value handles \item{}{} directly
checkRd: (-1) CytomeTree.Rd:37-38: Lost braces in \itemize; \value handles \item{}{} directly
checkRd: (-1) RetrievePops.Rd:20-21: Lost braces in \itemize; \value handles \item{}{} directly
checkRd: (-1) RetrievePops.Rd:22-23: Lost braces in \itemize; \value handles \item{}{} directly
Flavors: r-devel-linux-x86_64-debian-clang, r-devel-linux-x86_64-debian-gcc, r-devel-linux-x86_64-fedora-clang, r-devel-linux-x86_64-fedora-gcc, r-devel-windows-x86_64, r-patched-linux-x86_64, r-release-linux-x86_64, r-release-macos-arm64, r-release-macos-x86_64, r-release-windows-x86_64, r-oldrel-macos-arm64, r-oldrel-macos-x86_64, r-oldrel-windows-x86_64