CRAN Package Check Results for Package curveDepth

Last updated on 2023-10-04 20:42:24 CEST.

Flavor Version Tinstall Tcheck Ttotal Status Flags
r-devel-linux-x86_64-debian-clang 0.1.0.9 65.70 34.78 100.48 NOTE
r-devel-linux-x86_64-debian-gcc 0.1.0.9 47.52 26.95 74.47 NOTE
r-devel-linux-x86_64-fedora-clang 0.1.0.9 141.74 NOTE
r-devel-linux-x86_64-fedora-gcc 0.1.0.9 140.63 NOTE
r-devel-windows-x86_64 0.1.0.9 50.00 69.00 119.00 NOTE
r-patched-linux-x86_64 0.1.0.9 60.31 34.08 94.39 NOTE
r-release-linux-x86_64 0.1.0.9 67.38 34.90 102.28 NOTE
r-release-macos-arm64 0.1.0.9 37.00 NOTE
r-release-macos-x86_64 0.1.0.9 59.00 NOTE
r-release-windows-x86_64 0.1.0.9 62.00 76.00 138.00 NOTE
r-oldrel-macos-arm64 0.1.0.9 37.00 OK
r-oldrel-macos-x86_64 0.1.0.9 46.00 OK
r-oldrel-windows-x86_64 0.1.0.9 61.00 110.00 171.00 OK

Check Details

Version: 0.1.0.9
Check: C++ specification
Result: NOTE
     Specified C++11: please drop specification unless essential
Flavors: r-devel-linux-x86_64-debian-clang, r-devel-linux-x86_64-debian-gcc, r-devel-linux-x86_64-fedora-clang, r-devel-linux-x86_64-fedora-gcc, r-devel-windows-x86_64, r-patched-linux-x86_64, r-release-linux-x86_64, r-release-macos-arm64, r-release-macos-x86_64, r-release-windows-x86_64