CRAN Package Check Results for Package curvHDR

Last updated on 2022-09-26 21:52:54 CEST.

Flavor Version Tinstall Tcheck Ttotal Status Flags
r-devel-linux-x86_64-debian-clang 1.2-1 12.83 103.79 116.62 WARN
r-devel-linux-x86_64-debian-gcc 1.2-1 9.71 80.75 90.46 OK
r-devel-linux-x86_64-fedora-clang 1.2-1 164.05 WARN
r-devel-linux-x86_64-fedora-gcc 1.2-1 158.13 OK
r-devel-windows-x86_64 1.2-1 23.00 122.00 145.00 OK
r-patched-linux-x86_64 1.2-1 14.38 104.77 119.15 OK
r-release-linux-x86_64 1.2-1 14.50 103.49 117.99 OK
r-release-macos-arm64 1.2-1 55.00 OK
r-release-macos-x86_64 1.2-1 91.00 OK
r-release-windows-x86_64 1.2-1 21.00 135.00 156.00 OK
r-oldrel-macos-arm64 1.2-1 75.00 OK
r-oldrel-macos-x86_64 1.2-1 86.00 OK
r-oldrel-windows-ix86+x86_64 1.2-1 31.00 758.00 789.00 OK

Additional issues

clang14

Check Details

Version: 1.2-1
Check: whether package can be installed
Result: WARN
    Found the following significant warnings:
     inpolygon.c:109:7: warning: use of bitwise '&' with boolean operands [-Wbitwise-instead-of-logical]
Flavors: r-devel-linux-x86_64-debian-clang, r-devel-linux-x86_64-fedora-clang