Last updated on 2024-07-17 20:56:57 CEST.
Flavor | Version | Tinstall | Tcheck | Ttotal | Status | Flags |
---|---|---|---|---|---|---|
r-devel-linux-x86_64-debian-clang | 0.1-4 | 11.15 | 87.63 | 98.78 | OK | |
r-devel-linux-x86_64-debian-gcc | 0.1-4 | 11.37 | 62.49 | 73.86 | OK | |
r-devel-linux-x86_64-fedora-clang | 0.1-4 | 124.08 | OK | |||
r-devel-linux-x86_64-fedora-gcc | 0.1-4 | 129.64 | OK | |||
r-devel-windows-x86_64 | 0.1-4 | 24.00 | 108.00 | 132.00 | OK | |
r-patched-linux-x86_64 | 0.1-4 | 14.61 | 82.28 | 96.89 | OK | |
r-release-linux-x86_64 | 0.1-4 | 10.42 | 80.72 | 91.14 | OK | |
r-release-macos-arm64 | 0.1-4 | 45.00 | NOTE | |||
r-release-macos-x86_64 | 0.1-4 | 67.00 | NOTE | |||
r-release-windows-x86_64 | 0.1-4 | 26.00 | 107.00 | 133.00 | OK | |
r-oldrel-macos-arm64 | 0.1-4 | 50.00 | NOTE | |||
r-oldrel-macos-x86_64 | 0.1-4 | 74.00 | NOTE | |||
r-oldrel-windows-x86_64 | 0.1-4 | 31.00 | 111.00 | 142.00 | OK |
Version: 0.1-4
Check: package dependencies
Result: NOTE
Package which this enhances but not available for checking: ‘pbdMPI’
Flavors: r-release-macos-arm64, r-release-macos-x86_64, r-oldrel-macos-arm64, r-oldrel-macos-x86_64