Last updated on 2024-08-15 20:48:13 CEST.
Flavor | Version | Tinstall | Tcheck | Ttotal | Status | Flags |
---|---|---|---|---|---|---|
r-devel-linux-x86_64-debian-clang | 1.0.0 | 8.40 | 81.78 | 90.18 | OK | |
r-devel-linux-x86_64-debian-gcc | 1.0.0 | 5.86 | 60.08 | 65.94 | OK | |
r-devel-linux-x86_64-fedora-clang | 1.0.0 | 149.17 | OK | |||
r-devel-linux-x86_64-fedora-gcc | 1.0.0 | 146.01 | OK | |||
r-devel-windows-x86_64 | 1.0.0 | 11.00 | 119.00 | 130.00 | OK | |
r-patched-linux-x86_64 | 1.0.0 | 9.33 | 77.66 | 86.99 | OK | |
r-release-linux-x86_64 | 1.0.0 | 8.04 | 75.83 | 83.87 | OK | |
r-release-macos-arm64 | 1.0.0 | 75.00 | OK | |||
r-release-macos-x86_64 | 1.0.0 | 143.00 | OK | |||
r-release-windows-x86_64 | 1.0.0 | 12.00 | 117.00 | 129.00 | OK | |
r-oldrel-macos-arm64 | 1.0.0 | 72.00 | ERROR | |||
r-oldrel-macos-x86_64 | 1.0.0 | 122.00 | ERROR | |||
r-oldrel-windows-x86_64 | 1.0.0 | 12.00 | 131.00 | 143.00 | OK |
Version: 1.0.0
Check: running R code from vignettes
Result: ERROR
Errors in running code in vignettes:
when running code in ‘Introduction.Rmd’
...
4: DTXSID7020182 oral
5: DTXSID7020182 oral
6: DTXSID7020182 oral
> bpa_bioactivity <- get_bioactivity_details(DTXSID = "DTXSID7020182",
+ API_key = my_key)
When sourcing ‘Introduction.R’:
Error: GET https://api-ccte.epa.gov/bioactivity/data/search/by-dtxsid/DTXSID7020182 (bioactivity/data/search/by-dtxsid/DTXSID7020182.json)
Execution halted
‘Bioactivity.Rmd’ using ‘UTF-8’... [2s/2s] OK
‘Chemical.Rmd’ using ‘UTF-8’... [2s/2s] OK
‘Exposure.Rmd’ using ‘UTF-8’... [1s/1s] OK
‘Hazard.Rmd’ using ‘UTF-8’... [1s/1s] OK
‘Introduction.Rmd’ using ‘UTF-8’... failed
Flavor: r-oldrel-macos-arm64
Version: 1.0.0
Check: running R code from vignettes
Result: ERROR
Errors in running code in vignettes:
when running code in ‘Introduction.Rmd’
...
4: DTXSID7020182 oral
5: DTXSID7020182 oral
6: DTXSID7020182 oral
> bpa_bioactivity <- get_bioactivity_details(DTXSID = "DTXSID7020182",
+ API_key = my_key)
When sourcing ‘Introduction.R’:
Error: GET https://api-ccte.epa.gov/bioactivity/data/search/by-dtxsid/DTXSID7020182 (bioactivity/data/search/by-dtxsid/DTXSID7020182.json)
Execution halted
‘Bioactivity.Rmd’ using ‘UTF-8’... [3s/4s] OK
‘Chemical.Rmd’ using ‘UTF-8’... [3s/6s] OK
‘Exposure.Rmd’ using ‘UTF-8’... [1s/2s] OK
‘Hazard.Rmd’ using ‘UTF-8’... [1s/2s] OK
‘Introduction.Rmd’ using ‘UTF-8’... failed
Flavor: r-oldrel-macos-x86_64