Last updated on 2024-04-17 20:57:31 CEST.
Flavor | Version | Tinstall | Tcheck | Ttotal | Status | Flags |
---|---|---|---|---|---|---|
r-devel-linux-x86_64-debian-clang | 1.0.1 | 33.52 | 546.32 | 579.84 | OK | |
r-devel-linux-x86_64-debian-gcc | 1.0.1 | 25.92 | 395.07 | 420.99 | OK | |
r-devel-linux-x86_64-fedora-clang | 1.0.1 | 683.62 | OK | |||
r-devel-linux-x86_64-fedora-gcc | 1.0.1 | 681.39 | OK | |||
r-prerel-macos-arm64 | 1.0.1 | 189.00 | OK | |||
r-prerel-windows-x86_64 | 1.0.1 | 95.00 | 481.00 | 576.00 | OK | |
r-patched-linux-x86_64 | 1.0.1 | 34.04 | 507.87 | 541.91 | OK | |
r-release-linux-x86_64 | 1.0.1 | 39.08 | 513.55 | 552.63 | OK | |
r-release-macos-arm64 | 1.0.1 | 209.00 | OK | |||
r-release-macos-x86_64 | 1.0.1 | 6.00 | ERROR | |||
r-release-windows-x86_64 | 1.0.1 | 115.00 | 612.00 | 727.00 | OK | |
r-oldrel-macos-arm64 | 1.0.1 | 162.00 | OK | |||
r-oldrel-windows-x86_64 | 1.0.1 | 116.00 | 601.00 | 717.00 | OK |
Version: 1.0.1
Check: package dependencies
Result: ERROR
Package required but not available: ‘ctmm’
See section ‘The DESCRIPTION file’ in the ‘Writing R Extensions’
manual.
Flavor: r-release-macos-x86_64