Last updated on 2025-05-06 20:50:38 CEST.
Flavor | Version | Tinstall | Tcheck | Ttotal | Status | Flags |
---|---|---|---|---|---|---|
r-devel-linux-x86_64-debian-clang | 0.1.0 | 10.08 | 81.62 | 91.70 | OK | |
r-devel-linux-x86_64-debian-gcc | 0.1.0 | 7.40 | 61.70 | 69.10 | OK | |
r-devel-linux-x86_64-fedora-clang | 0.1.0 | 148.27 | OK | |||
r-devel-linux-x86_64-fedora-gcc | 0.1.0 | 139.26 | OK | |||
r-devel-windows-x86_64 | 0.1.0 | 11.00 | 88.00 | 99.00 | OK | |
r-patched-linux-x86_64 | 0.1.0 | 11.27 | 77.48 | 88.75 | OK | |
r-release-linux-x86_64 | 0.1.0 | 8.90 | 77.03 | 85.93 | OK | |
r-release-macos-arm64 | 0.1.0 | 37.00 | OK | |||
r-release-macos-x86_64 | 0.1.0 | 71.00 | OK | |||
r-release-windows-x86_64 | 0.1.0 | 11.00 | 91.00 | 102.00 | OK | |
r-oldrel-macos-arm64 | 0.1.0 | 35.00 | NOTE | |||
r-oldrel-macos-x86_64 | 0.1.0 | 52.00 | NOTE | |||
r-oldrel-windows-x86_64 | 0.1.0 | 14.00 | 114.00 | 128.00 | NOTE |
Version: 0.1.0
Check: LazyData
Result: NOTE
'LazyData' is specified without a 'data' directory
Flavors: r-oldrel-macos-arm64, r-oldrel-macos-x86_64, r-oldrel-windows-x86_64