Last updated on 2024-03-28 19:48:28 CET.
Flavor | Version | Tinstall | Tcheck | Ttotal | Status | Flags |
---|---|---|---|---|---|---|
r-devel-linux-x86_64-debian-clang | 1.1 | 31.05 | 293.06 | 324.11 | NOTE | |
r-devel-linux-x86_64-debian-gcc | 1.1 | 27.72 | 211.08 | 238.80 | NOTE | |
r-devel-linux-x86_64-fedora-clang | 1.1 | 376.55 | NOTE | |||
r-devel-linux-x86_64-fedora-gcc | 1.1 | 378.11 | NOTE | |||
r-devel-windows-x86_64 | 1.1 | 24.00 | 179.00 | 203.00 | NOTE | |
r-patched-linux-x86_64 | 1.1 | 34.39 | 280.45 | 314.84 | NOTE | |
r-release-linux-x86_64 | 1.1 | 36.82 | 282.94 | 319.76 | OK | |
r-release-macos-arm64 | 1.1 | 89.00 | OK | |||
r-release-macos-x86_64 | 1.1 | 165.00 | OK | |||
r-release-windows-x86_64 | 1.1 | 31.00 | 239.00 | 270.00 | OK | |
r-oldrel-macos-arm64 | 1.1 | 70.00 | OK | |||
r-oldrel-windows-x86_64 | 1.1 | 33.00 | 236.00 | 269.00 | OK |
Version: 1.1
Check: Rd files
Result: NOTE
checkRd: (-1) cruts-package.Rd:21: Lost braces
21 | section{Dependencies}{
| ^
checkRd: (-1) cruts-package.Rd:21-24: Lost braces
21 | section{Dependencies}{
| ^
checkRd: (-1) cruts-package.Rd:26: Lost braces
26 | section{Citation}{
| ^
checkRd: (-1) cruts-package.Rd:26-28: Lost braces
26 | section{Citation}{
| ^
checkRd: (-1) cruts-package.Rd:30-32: Lost braces
30 | references{
| ^
Flavors: r-devel-linux-x86_64-debian-clang, r-devel-linux-x86_64-debian-gcc, r-devel-linux-x86_64-fedora-clang, r-devel-linux-x86_64-fedora-gcc, r-devel-windows-x86_64, r-patched-linux-x86_64