Last updated on 2024-07-17 20:56:57 CEST.
Flavor | Version | Tinstall | Tcheck | Ttotal | Status | Flags |
---|---|---|---|---|---|---|
r-devel-linux-x86_64-debian-clang | 2023.1.1 | 8.90 | 72.29 | 81.19 | OK | |
r-devel-linux-x86_64-debian-gcc | 2023.1.1 | 6.28 | 54.27 | 60.55 | OK | |
r-devel-linux-x86_64-fedora-clang | 2023.1.1 | 99.88 | OK | |||
r-devel-linux-x86_64-fedora-gcc | 2023.1.1 | 95.69 | OK | |||
r-devel-windows-x86_64 | 2023.1.1 | 8.00 | 70.00 | 78.00 | NOTE | |
r-patched-linux-x86_64 | 2023.1.1 | 9.10 | 72.46 | 81.56 | OK | |
r-release-linux-x86_64 | 2023.1.1 | 5.18 | 68.95 | 74.13 | OK | |
r-release-macos-arm64 | 2023.1.1 | 33.00 | OK | |||
r-release-macos-x86_64 | 2023.1.1 | 44.00 | OK | |||
r-release-windows-x86_64 | 2023.1.1 | 7.00 | 70.00 | 77.00 | OK | |
r-oldrel-macos-arm64 | 2023.1.1 | 36.00 | OK | |||
r-oldrel-macos-x86_64 | 2023.1.1 | 80.00 | OK | |||
r-oldrel-windows-x86_64 | 2023.1.1 | 9.00 | 74.00 | 83.00 | OK |
Version: 2023.1.1
Check: Rd cross-references
Result: NOTE
Found the following Rd file(s) with Rd \link{} targets missing package
anchors:
crrstep.Rd: crr
Please provide package anchors for all Rd \link{} targets not in the
package itself and the base packages.
Flavor: r-devel-windows-x86_64