CRAN Package Check Results for Package crrSC

Last updated on 2022-09-26 21:52:54 CEST.

Flavor Version Tinstall Tcheck Ttotal Status Flags
r-devel-linux-x86_64-debian-clang 1.1.2 10.14 68.90 79.04 OK
r-devel-linux-x86_64-debian-gcc 1.1.2 10.84 53.77 64.61 OK
r-devel-linux-x86_64-fedora-clang 1.1.2 118.96 NOTE
r-devel-linux-x86_64-fedora-gcc 1.1.2 108.87 NOTE
r-devel-windows-x86_64 1.1.2 17.00 100.00 117.00 OK
r-patched-linux-x86_64 1.1.2 11.39 67.26 78.65 OK
r-release-linux-x86_64 1.1.2 8.38 66.35 74.73 OK
r-release-macos-arm64 1.1.2 35.00 OK
r-release-macos-x86_64 1.1.2 50.00 OK
r-release-windows-x86_64 1.1.2 15.00 98.00 113.00 OK
r-oldrel-macos-arm64 1.1.2 30.00 OK
r-oldrel-macos-x86_64 1.1.2 43.00 OK
r-oldrel-windows-ix86+x86_64 1.1.2 28.00 112.00 140.00 OK

Check Details

Version: 1.1.2
Check: compiled code
Result: NOTE
    File ‘crrSC/libs/crrSC.so’:
     Found no calls to: ‘R_registerRoutines’, ‘R_useDynamicSymbols’
    
    It is good practice to register native routines and to disable symbol
    search.
    
    See ‘Writing portable packages’ in the ‘Writing R Extensions’ manual.
Flavors: r-devel-linux-x86_64-fedora-clang, r-devel-linux-x86_64-fedora-gcc