CRAN Package Check Results for Package crosstalkr

Last updated on 2024-05-18 21:27:16 CEST.

Flavor Version Tinstall Tcheck Ttotal Status Flags
r-devel-linux-x86_64-fedora-clang 1.0.5 274.60 NOTE
r-devel-linux-x86_64-fedora-gcc 1.0.5 313.79 NOTE
r-release-macos-arm64 1.0.5 122.00 NOTE
r-release-macos-x86_64 1.0.5 268.00 NOTE
r-release-windows-x86_64 1.0.5 24.00 195.00 219.00 OK
r-oldrel-macos-arm64 1.0.5 138.00 NOTE
r-oldrel-macos-x86_64 1.0.5 210.00 NOTE

Check Details

Version: 1.0.5
Check: package dependencies
Result: NOTE Package suggested but not available for checking: ‘EnsDb.Hsapiens.v86’ Flavors: r-devel-linux-x86_64-fedora-clang, r-devel-linux-x86_64-fedora-gcc, r-release-macos-arm64, r-release-macos-x86_64, r-oldrel-macos-arm64, r-oldrel-macos-x86_64