Last updated on 2023-06-02 22:01:10 CEST.
Flavor | Version | Tinstall | Tcheck | Ttotal | Status | Flags |
---|---|---|---|---|---|---|
r-devel-linux-x86_64-debian-clang | 1.0.2 | 21.30 | 200.82 | 222.12 | OK | |
r-devel-linux-x86_64-debian-gcc | 1.0.2 | 18.61 | 158.77 | 177.38 | OK | |
r-devel-linux-x86_64-fedora-clang | 1.0.2 | 283.44 | OK | |||
r-devel-linux-x86_64-fedora-gcc | 1.0.2 | 303.23 | OK | |||
r-devel-windows-x86_64 | 1.0.2 | 24.00 | 184.00 | 208.00 | OK | |
r-patched-linux-x86_64 | 1.0.2 | OK | ||||
r-release-linux-x86_64 | 1.0.2 | 18.83 | 196.07 | 214.90 | OK | |
r-release-macos-arm64 | 1.0.2 | 121.00 | NOTE | |||
r-release-macos-x86_64 | 1.0.1 | 213.00 | ERROR | |||
r-release-windows-x86_64 | 1.0.2 | 28.00 | 239.00 | 267.00 | OK | |
r-oldrel-macos-arm64 | 1.0.2 | 126.00 | NOTE | |||
r-oldrel-macos-x86_64 | 1.0.2 | 144.00 | NOTE | |||
r-oldrel-windows-x86_64 | 1.0.2 | 26.00 | 236.00 | 262.00 | OK |
Version: 1.0.2
Check: package dependencies
Result: NOTE
Package suggested but not available for checking: ‘EnsDb.Hsapiens.v86’
Flavors: r-release-macos-arm64, r-oldrel-macos-arm64, r-oldrel-macos-x86_64
Version: 1.0.1
Check: package dependencies
Result: NOTE
Package suggested but not available for checking: ‘EnsDb.Hsapiens.v79’
Flavor: r-release-macos-x86_64
Version: 1.0.1
Check: tests
Result: ERROR
Running ‘testthat.R’ [34s/70s]
Running the tests in ‘tests/testthat.R’ failed.
Last 13 lines of output:
Error in `loadNamespace(x)`: there is no package called 'EnsDb.Hsapiens.v79'
Backtrace:
▆
1. ├─testthat::expect_equal(length(as_gene_symbol(entrez_test)), length(entrez_test)) at test-utils.R:16:2
2. │ └─testthat::quasi_label(enquo(object), label, arg = "object")
3. │ └─rlang::eval_bare(expr, quo_get_env(quo))
4. ├─crosstalkr::as_gene_symbol(entrez_test)
5. └─base::loadNamespace(x)
6. └─base::withRestarts(stop(cond), retry_loadNamespace = function() NULL)
7. └─base (local) withOneRestart(expr, restarts[[1L]])
8. └─base (local) doWithOneRestart(return(expr), restart)
[ FAIL 2 | WARN 2 | SKIP 8 | PASS 89 ]
Error: Test failures
Execution halted
Flavor: r-release-macos-x86_64