Last updated on 2023-03-26 20:49:42 CEST.
Flavor | Version | Tinstall | Tcheck | Ttotal | Status | Flags |
---|---|---|---|---|---|---|
r-devel-linux-x86_64-debian-clang | 0.5.0 | 13.21 | 580.81 | 594.02 | OK | |
r-devel-linux-x86_64-debian-gcc | 0.5.0 | 12.49 | 423.68 | 436.17 | OK | |
r-devel-linux-x86_64-fedora-gcc | 0.5.0 | 718.29 | OK | |||
r-patched-linux-x86_64 | 0.5.0 | 19.91 | 530.47 | 550.38 | OK | |
r-release-linux-x86_64 | 0.5.0 | 9.56 | 536.78 | 546.34 | OK | |
r-release-macos-arm64 | 0.5.0 | 84.00 | OK | |||
r-release-macos-x86_64 | 0.5.0 | 123.00 | OK | |||
r-release-windows-x86_64 | 0.5.0 | 143.00 | 511.00 | 654.00 | OK | |
r-oldrel-macos-arm64 | 0.5.0 | 83.00 | OK | |||
r-oldrel-macos-x86_64 | 0.5.0 | 131.00 | OK | |||
r-oldrel-windows-ix86+x86_64 | 0.5.0 | 31.00 | 550.00 | 581.00 | NOTE |
Version: 0.5.0
Check: R code for possible problems
Result: NOTE
Initiating curl with CURL_SSL_BACKEND: openssl
Flavor: r-oldrel-windows-ix86+x86_64