Last updated on 2024-04-19 20:56:35 CEST.
Flavor | Version | Tinstall | Tcheck | Ttotal | Status | Flags |
---|---|---|---|---|---|---|
r-devel-linux-x86_64-debian-clang | 1.2.0 | 19.04 | 397.13 | 416.17 | OK | |
r-devel-linux-x86_64-debian-gcc | 1.2.0 | OK | ||||
r-devel-linux-x86_64-fedora-clang | 1.2.0 | 505.50 | NOTE | |||
r-devel-linux-x86_64-fedora-gcc | 1.2.0 | 498.49 | OK | |||
r-prerel-macos-arm64 | 1.2.0 | 131.00 | OK | |||
r-prerel-windows-x86_64 | 1.2.0 | 17.00 | 450.00 | 467.00 | OK | |
r-patched-linux-x86_64 | 1.2.0 | 29.19 | 378.39 | 407.58 | OK | |
r-release-linux-x86_64 | 1.2.0 | 15.04 | 374.08 | 389.12 | OK | |
r-release-macos-arm64 | 1.2.0 | 121.00 | OK | |||
r-release-macos-x86_64 | 1.2.0 | 246.00 | OK | |||
r-release-windows-x86_64 | 1.2.0 | 23.00 | 471.00 | 494.00 | OK | |
r-oldrel-macos-arm64 | 1.2.0 | 121.00 | OK | |||
r-oldrel-windows-x86_64 | 1.2.0 | 24.00 | 462.00 | 486.00 | OK |
Version: 1.2.0
Check: Rd cross-references
Result: NOTE
Undeclared package ‘R2jags’ in Rd xrefs
Flavor: r-devel-linux-x86_64-fedora-clang