CRAN Package Check Results for Package cropdatape

Last updated on 2022-09-28 21:51:34 CEST.

Flavor Version Tinstall Tcheck Ttotal Status Flags
r-devel-linux-x86_64-debian-clang 1.0.0 1.76 21.83 23.59 OK
r-devel-linux-x86_64-debian-gcc 1.0.0 1.54 17.50 19.04 OK
r-devel-linux-x86_64-fedora-clang 1.0.0 42.67 NOTE
r-devel-linux-x86_64-fedora-gcc 1.0.0 39.57 NOTE
r-devel-windows-x86_64 1.0.0 7.00 43.00 50.00 OK
r-patched-linux-x86_64 1.0.0 1.95 22.20 24.15 OK
r-release-linux-x86_64 1.0.0 1.31 21.84 23.15 OK
r-release-macos-arm64 1.0.0 16.00 NOTE
r-release-macos-x86_64 1.0.0 20.00 NOTE
r-release-windows-x86_64 1.0.0 5.00 43.00 48.00 OK
r-oldrel-macos-arm64 1.0.0 25.00 NOTE
r-oldrel-macos-x86_64 1.0.0 30.00 NOTE
r-oldrel-windows-ix86+x86_64 1.0.0 4.00 25.00 29.00 OK

Check Details

Version: 1.0.0
Check: data for non-ASCII characters
Result: NOTE
     Note: found 3 marked UTF-8 strings
Flavors: r-devel-linux-x86_64-fedora-clang, r-devel-linux-x86_64-fedora-gcc, r-release-macos-arm64, r-release-macos-x86_64, r-oldrel-macos-arm64, r-oldrel-macos-x86_64