Last updated on 2025-05-08 20:49:32 CEST.
Flavor | Version | Tinstall | Tcheck | Ttotal | Status | Flags |
---|---|---|---|---|---|---|
r-devel-linux-x86_64-debian-clang | 0.2.1 | 5.00 | 62.87 | 67.87 | NOTE | |
r-devel-linux-x86_64-debian-gcc | 0.2.1 | 3.10 | 43.76 | 46.86 | NOTE | |
r-devel-linux-x86_64-fedora-clang | 0.2.1 | 101.10 | OK | |||
r-devel-linux-x86_64-fedora-gcc | 0.2.1 | 114.52 | OK | |||
r-devel-windows-x86_64 | 0.2.1 | 6.00 | 87.00 | 93.00 | OK | |
r-patched-linux-x86_64 | 0.2.1 | 5.45 | 58.92 | 64.37 | OK | |
r-release-linux-x86_64 | 0.2.1 | 2.87 | 57.91 | 60.78 | OK | |
r-release-macos-arm64 | 0.2.1 | 46.00 | OK | |||
r-release-macos-x86_64 | 0.2.1 | 69.00 | OK | |||
r-release-windows-x86_64 | 0.2.1 | 7.00 | 85.00 | 92.00 | OK | |
r-oldrel-macos-arm64 | 0.2.1 | 35.00 | OK | |||
r-oldrel-macos-x86_64 | 0.2.1 | 51.00 | OK | |||
r-oldrel-windows-x86_64 | 0.2.1 | 8.00 | 99.00 | 107.00 | OK |
Version: 0.2.1
Check: CRAN incoming feasibility
Result: NOTE
Maintainer: ‘Rubens Jose Rosa <rubens@rubensjoserosa.com>’
Package CITATION file contains call(s) to old-style personList() or
as.personList(). Please use c() on person objects instead.
Package CITATION file contains call(s) to old-style citEntry(). Please
use bibentry() instead.
Flavors: r-devel-linux-x86_64-debian-clang, r-devel-linux-x86_64-debian-gcc