Last updated on 2024-04-18 21:56:47 CEST.
Flavor | Version | Tinstall | Tcheck | Ttotal | Status | Flags |
---|---|---|---|---|---|---|
r-devel-linux-x86_64-debian-clang | 0.2.3 | 7.93 | 105.20 | 113.13 | OK | |
r-devel-linux-x86_64-debian-gcc | 0.2.3 | 5.73 | 77.66 | 83.39 | OK | |
r-devel-linux-x86_64-fedora-clang | 0.2.3 | 141.21 | NOTE | |||
r-devel-linux-x86_64-fedora-gcc | 0.2.3 | 154.45 | NOTE | |||
r-prerel-macos-arm64 | 0.2.3 | 54.00 | OK | |||
r-prerel-windows-x86_64 | 0.2.3 | 9.00 | 92.00 | 101.00 | OK | |
r-patched-linux-x86_64 | 0.2.3 | 6.25 | 99.17 | 105.42 | OK | |
r-release-linux-x86_64 | 0.2.3 | 8.33 | 99.30 | 107.63 | OK | |
r-release-macos-arm64 | 0.2.3 | 52.00 | OK | |||
r-release-macos-x86_64 | 0.2.3 | 110.00 | OK | |||
r-release-windows-x86_64 | 0.2.3 | 11.00 | 112.00 | 123.00 | OK | |
r-oldrel-macos-arm64 | 0.2.3 | 47.00 | OK | |||
r-oldrel-windows-x86_64 | 0.2.3 | 11.00 | 115.00 | 126.00 | OK |
Version: 0.2.3
Check: data for non-ASCII characters
Result: NOTE
Note: found 37 marked UTF-8 strings
Flavors: r-devel-linux-x86_64-fedora-clang, r-devel-linux-x86_64-fedora-gcc