Last updated on 2025-05-07 20:49:41 CEST.
Flavor | Version | Tinstall | Tcheck | Ttotal | Status | Flags |
---|---|---|---|---|---|---|
r-devel-linux-x86_64-debian-clang | 0.0.3 | 3.42 | 36.26 | 39.68 | NOTE | |
r-devel-linux-x86_64-debian-gcc | 0.0.3 | 2.57 | 26.39 | 28.96 | NOTE | |
r-devel-linux-x86_64-fedora-clang | 0.0.3 | 59.64 | NOTE | |||
r-devel-linux-x86_64-fedora-gcc | 0.0.3 | 57.77 | NOTE | |||
r-devel-windows-x86_64 | 0.0.3 | 5.00 | 53.00 | 58.00 | NOTE | |
r-patched-linux-x86_64 | 0.0.3 | 3.38 | 34.15 | 37.53 | NOTE | |
r-release-linux-x86_64 | 0.0.3 | 2.18 | 33.24 | 35.42 | NOTE | |
r-release-macos-arm64 | 0.0.3 | 26.00 | NOTE | |||
r-release-macos-x86_64 | 0.0.3 | 36.00 | NOTE | |||
r-release-windows-x86_64 | 0.0.3 | 4.00 | 52.00 | 56.00 | NOTE | |
r-oldrel-macos-arm64 | 0.0.3 | 25.00 | OK | |||
r-oldrel-macos-x86_64 | 0.0.3 | 32.00 | OK | |||
r-oldrel-windows-x86_64 | 0.0.3 | 6.00 | 59.00 | 65.00 | OK |
Version: 0.0.3
Check: DESCRIPTION meta-information
Result: NOTE
Missing dependency on R >= 4.1.0 because package code uses the pipe
|> or function shorthand \(...) syntax added in R 4.1.0.
File(s) using such syntax:
‘pick_colors.R’ ‘scale_crayons.Rd’
Flavors: r-devel-linux-x86_64-debian-clang, r-devel-linux-x86_64-debian-gcc, r-devel-linux-x86_64-fedora-clang, r-devel-linux-x86_64-fedora-gcc, r-devel-windows-x86_64, r-patched-linux-x86_64, r-release-linux-x86_64, r-release-macos-arm64, r-release-macos-x86_64, r-release-windows-x86_64