Last updated on 2024-03-28 19:48:28 CET.
Flavor | Version | Tinstall | Tcheck | Ttotal | Status | Flags |
---|---|---|---|---|---|---|
r-devel-linux-x86_64-debian-clang | 0.6.0 | 7.59 | 447.51 | 455.10 | OK | |
r-devel-linux-x86_64-debian-gcc | 0.6.0 | 7.27 | 336.82 | 344.09 | OK | |
r-devel-linux-x86_64-fedora-clang | 0.6.0 | 591.56 | NOTE | |||
r-devel-linux-x86_64-fedora-gcc | 0.6.0 | 626.41 | OK | |||
r-devel-windows-x86_64 | 0.6.0 | 9.00 | 329.00 | 338.00 | NOTE | |
r-patched-linux-x86_64 | 0.6.0 | 9.83 | 422.79 | 432.62 | OK | |
r-release-linux-x86_64 | 0.6.0 | 7.91 | 425.31 | 433.22 | OK | |
r-release-macos-arm64 | 0.6.0 | 195.00 | NOTE | |||
r-release-macos-x86_64 | 0.6.0 | 346.00 | NOTE | |||
r-release-windows-x86_64 | 0.6.0 | 11.00 | 458.00 | 469.00 | NOTE | |
r-oldrel-macos-arm64 | 0.6.0 | 174.00 | NOTE | |||
r-oldrel-windows-x86_64 | 0.6.0 | 14.00 | 457.00 | 471.00 | NOTE |
Version: 0.6.0
Check: installed package size
Result: NOTE
installed size is 5.4Mb
sub-directories of 1Mb or more:
doc 5.1Mb
Flavors: r-devel-linux-x86_64-fedora-clang, r-devel-windows-x86_64, r-release-macos-arm64, r-release-macos-x86_64, r-release-windows-x86_64, r-oldrel-macos-arm64, r-oldrel-windows-x86_64