CRAN Package Check Results for Package cppRouting

Last updated on 2024-03-03 19:56:19 CET.

Flavor Version Tinstall Tcheck Ttotal Status Flags
r-devel-linux-x86_64-debian-clang 3.1 160.06 41.85 201.91 NOTE
r-devel-linux-x86_64-debian-gcc 3.1 128.59 31.62 160.21 NOTE
r-devel-linux-x86_64-fedora-clang 3.1 316.16 NOTE
r-devel-linux-x86_64-fedora-gcc 3.1 322.19 NOTE
r-devel-windows-x86_64 3.1 140.00 82.00 222.00 NOTE
r-patched-linux-x86_64 3.1 154.01 40.22 194.23 NOTE
r-release-linux-x86_64 3.1 163.06 40.49 203.55 NOTE
r-release-macos-arm64 3.1 80.00 NOTE
r-release-macos-x86_64 3.1 165.00 NOTE
r-release-windows-x86_64 3.1 151.00 92.00 243.00 NOTE
r-oldrel-macos-arm64 3.1 64.00 NOTE
r-oldrel-windows-x86_64 3.1 165.00 87.00 252.00 NOTE

Check Details

Version: 3.1
Check: C++ specification
Result: NOTE Specified C++11: please drop specification unless essential Flavors: r-devel-linux-x86_64-debian-clang, r-devel-linux-x86_64-debian-gcc, r-devel-linux-x86_64-fedora-clang, r-devel-linux-x86_64-fedora-gcc, r-devel-windows-x86_64, r-patched-linux-x86_64, r-release-linux-x86_64, r-release-macos-arm64, r-release-macos-x86_64, r-release-windows-x86_64

Version: 3.1
Check: for GNU extensions in Makefiles
Result: NOTE GNU make is a SystemRequirements. Flavors: r-devel-linux-x86_64-debian-clang, r-devel-linux-x86_64-debian-gcc, r-devel-linux-x86_64-fedora-clang, r-devel-linux-x86_64-fedora-gcc, r-devel-windows-x86_64, r-patched-linux-x86_64, r-release-linux-x86_64, r-release-macos-arm64, r-release-macos-x86_64, r-release-windows-x86_64, r-oldrel-macos-arm64, r-oldrel-windows-x86_64

Version: 3.1
Check: dependencies in R code
Result: NOTE Namespace in Imports field not imported from: ‘RcppProgress’ All declared Imports should be used. Flavors: r-devel-linux-x86_64-fedora-clang, r-devel-linux-x86_64-fedora-gcc

Version: 3.1
Check: installed package size
Result: NOTE installed size is 7.1Mb sub-directories of 1Mb or more: libs 6.9Mb Flavors: r-release-macos-arm64, r-release-macos-x86_64, r-oldrel-macos-arm64