Last updated on 2025-05-06 20:50:37 CEST.
Flavor | Version | Tinstall | Tcheck | Ttotal | Status | Flags |
---|---|---|---|---|---|---|
r-devel-linux-x86_64-debian-clang | 2.3 | 26.58 | 26.57 | 53.15 | NOTE | |
r-devel-linux-x86_64-debian-gcc | 2.3 | 62.00 | 21.43 | 83.43 | NOTE | |
r-devel-linux-x86_64-fedora-clang | 2.3 | 124.58 | NOTE | |||
r-devel-linux-x86_64-fedora-gcc | 2.3 | 255.94 | NOTE | |||
r-devel-windows-x86_64 | 2.3 | 77.00 | 56.00 | 133.00 | OK | |
r-patched-linux-x86_64 | 2.3 | 102.99 | 25.73 | 128.72 | OK | |
r-release-linux-x86_64 | 2.3 | 104.62 | 25.62 | 130.24 | OK | |
r-release-macos-arm64 | 2.3 | 33.00 | OK | |||
r-release-macos-x86_64 | 2.3 | 52.00 | OK | |||
r-release-windows-x86_64 | 2.3 | 78.00 | 62.00 | 140.00 | OK | |
r-oldrel-macos-arm64 | 2.3 | 30.00 | OK | |||
r-oldrel-macos-x86_64 | 2.3 | 48.00 | OK | |||
r-oldrel-windows-x86_64 | 2.3 | 75.00 | 58.00 | 133.00 | OK |
Version: 2.3
Check: CRAN incoming feasibility
Result: NOTE
Maintainer: ‘Gordon J. Ross <gordon@gordonjross.co.uk>’
No Authors@R field in DESCRIPTION.
Please add one, modifying
Authors@R: person(given = c("Gordon", "J."),
family = "Ross",
role = c("aut", "cre"),
email = "gordon@gordonjross.co.uk")
as necessary.
Package CITATION file contains call(s) to old-style personList() or
as.personList(). Please use c() on person objects instead.
Package CITATION file contains call(s) to old-style citEntry(). Please
use bibentry() instead.
Flavors: r-devel-linux-x86_64-debian-clang, r-devel-linux-x86_64-debian-gcc
Version: 2.3
Check: compiled code
Result: NOTE
File ‘cpm/libs/cpm.so’:
Found no calls to: ‘R_registerRoutines’, ‘R_useDynamicSymbols’
It is good practice to register native routines and to disable symbol
search.
See ‘Writing portable packages’ in the ‘Writing R Extensions’ manual.
Flavors: r-devel-linux-x86_64-fedora-clang, r-devel-linux-x86_64-fedora-gcc