Last updated on 2024-04-26 21:57:12 CEST.
Flavor | Version | Tinstall | Tcheck | Ttotal | Status | Flags |
---|---|---|---|---|---|---|
r-devel-linux-x86_64-debian-clang | 2.3 | 35.45 | 33.20 | 68.65 | OK | |
r-devel-linux-x86_64-debian-gcc | 2.3 | 132.22 | 25.20 | 157.42 | OK | |
r-devel-linux-x86_64-fedora-clang | 2.3 | 125.02 | NOTE | |||
r-devel-linux-x86_64-fedora-gcc | 2.3 | 270.31 | NOTE | |||
r-devel-windows-x86_64 | 2.3 | 76.00 | 58.00 | 134.00 | OK | |
r-patched-linux-x86_64 | 2.3 | 141.72 | 32.02 | 173.74 | OK | |
r-release-linux-x86_64 | 2.3 | 127.73 | 32.31 | 160.04 | OK | |
r-release-macos-arm64 | 2.3 | 30.00 | OK | |||
r-release-windows-x86_64 | 2.3 | 75.00 | 58.00 | 133.00 | OK | |
r-oldrel-macos-arm64 | 2.3 | 34.00 | OK | |||
r-oldrel-macos-x86_64 | 2.3 | 63.00 | OK | |||
r-oldrel-windows-x86_64 | 2.3 | 71.00 | 60.00 | 131.00 | OK |
Version: 2.3
Check: compiled code
Result: NOTE
File ‘cpm/libs/cpm.so’:
Found no calls to: ‘R_registerRoutines’, ‘R_useDynamicSymbols’
It is good practice to register native routines and to disable symbol
search.
See ‘Writing portable packages’ in the ‘Writing R Extensions’ manual.
Flavors: r-devel-linux-x86_64-fedora-clang, r-devel-linux-x86_64-fedora-gcc