Last updated on 2024-07-17 20:56:57 CEST.
Flavor | Version | Tinstall | Tcheck | Ttotal | Status | Flags |
---|---|---|---|---|---|---|
r-devel-linux-x86_64-debian-clang | 1.13.4 | 11.11 | 69.23 | 80.34 | OK | |
r-devel-linux-x86_64-debian-gcc | 1.13.4 | 9.08 | 51.05 | 60.13 | OK | |
r-devel-linux-x86_64-fedora-clang | 1.13.4 | 99.15 | NOTE | |||
r-devel-linux-x86_64-fedora-gcc | 1.13.4 | 95.85 | OK | |||
r-devel-windows-x86_64 | 1.13.4 | 13.00 | 69.00 | 82.00 | OK | |
r-patched-linux-x86_64 | 1.13.4 | 8.79 | 64.42 | 73.21 | OK | |
r-release-linux-x86_64 | 1.13.4 | 11.82 | 65.87 | 77.69 | OK | |
r-release-macos-arm64 | 1.13.4 | 31.00 | OK | |||
r-release-macos-x86_64 | 1.13.4 | 49.00 | OK | |||
r-release-windows-x86_64 | 1.13.4 | 12.00 | 71.00 | 83.00 | OK | |
r-oldrel-macos-arm64 | 1.13.4 | 35.00 | OK | |||
r-oldrel-macos-x86_64 | 1.13.4 | 56.00 | OK | |||
r-oldrel-windows-x86_64 | 1.13.4 | 16.00 | 81.00 | 97.00 | OK |
Version: 1.13.4
Check: installed package size
Result: NOTE
installed size is 7.6Mb
sub-directories of 1Mb or more:
libs 7.4Mb
Flavor: r-devel-linux-x86_64-fedora-clang