Last updated on 2024-04-18 21:56:47 CEST.
Flavor | Version | Tinstall | Tcheck | Ttotal | Status | Flags |
---|---|---|---|---|---|---|
r-devel-linux-x86_64-debian-clang | 0.1.0 | 3.23 | 73.05 | 76.28 | OK | |
r-devel-linux-x86_64-debian-gcc | 0.1.0 | 2.34 | 53.61 | 55.95 | OK | |
r-devel-linux-x86_64-fedora-clang | 0.1.0 | 93.77 | NOTE | |||
r-devel-linux-x86_64-fedora-gcc | 0.1.0 | 96.95 | NOTE | |||
r-prerel-macos-arm64 | 0.1.0 | 39.00 | OK | |||
r-prerel-windows-x86_64 | 0.1.0 | 5.00 | 73.00 | 78.00 | OK | |
r-patched-linux-x86_64 | 0.1.0 | 2.07 | 67.00 | 69.07 | OK | |
r-release-linux-x86_64 | 0.1.0 | 2.81 | 77.64 | 80.45 | OK | |
r-release-macos-arm64 | 0.1.0 | 41.00 | OK | |||
r-release-macos-x86_64 | 0.1.0 | 64.00 | OK | |||
r-release-windows-x86_64 | 0.1.0 | 4.00 | 84.00 | 88.00 | OK | |
r-oldrel-macos-arm64 | 0.1.0 | 27.00 | NOTE | |||
r-oldrel-windows-x86_64 | 0.1.0 | 4.00 | 86.00 | 90.00 | OK |
Version: 0.1.0
Check: dependencies in R code
Result: NOTE
Namespaces in Imports field not imported from:
‘ggplot2’ ‘misc3d’
All declared Imports should be used.
Flavors: r-devel-linux-x86_64-fedora-clang, r-devel-linux-x86_64-fedora-gcc, r-oldrel-macos-arm64