Last updated on 2023-06-07 21:01:16 CEST.
Flavor | Version | Tinstall | Tcheck | Ttotal | Status | Flags |
---|---|---|---|---|---|---|
r-devel-linux-x86_64-debian-clang | 0.5.0 | 7.34 | 180.98 | 188.32 | OK | |
r-devel-linux-x86_64-debian-gcc | 0.5.0 | 5.35 | 138.78 | 144.13 | OK | |
r-devel-linux-x86_64-fedora-clang | 0.5.0 | 230.57 | NOTE | |||
r-devel-linux-x86_64-fedora-gcc | 0.5.0 | 232.83 | NOTE | |||
r-devel-windows-x86_64 | 0.5.0 | 8.00 | 266.00 | 274.00 | OK | |
r-patched-linux-x86_64 | 0.5.0 | 7.19 | 175.45 | 182.64 | OK | |
r-release-linux-x86_64 | 0.5.0 | 6.91 | 174.63 | 181.54 | OK | |
r-release-macos-arm64 | 0.5.0 | 161.00 | OK | |||
r-release-macos-x86_64 | 0.4.5 | 169.00 | OK | |||
r-release-windows-x86_64 | 0.5.0 | 10.00 | 318.00 | 328.00 | OK | |
r-oldrel-macos-arm64 | 0.5.0 | 121.00 | OK | |||
r-oldrel-macos-x86_64 | 0.5.0 | 136.00 | OK | |||
r-oldrel-windows-x86_64 | 0.5.0 | 11.00 | 239.00 | 250.00 | OK |
Version: 0.5.0
Check: data for non-ASCII characters
Result: NOTE
Note: found 20 marked UTF-8 strings
Flavors: r-devel-linux-x86_64-fedora-clang, r-devel-linux-x86_64-fedora-gcc