CRAN Package Check Results for Package covid19srilanka

Last updated on 2022-09-27 21:53:46 CEST.

Flavor Version Tinstall Tcheck Ttotal Status Flags
r-devel-linux-x86_64-debian-clang 1.0.0 2.00 20.60 22.60 OK
r-devel-linux-x86_64-debian-gcc 1.0.0 1.88 16.29 18.17 OK
r-devel-linux-x86_64-fedora-clang 1.0.0 41.55 NOTE
r-devel-linux-x86_64-fedora-gcc 1.0.0 37.87 NOTE
r-devel-windows-x86_64 1.0.0 13.00 47.00 60.00 OK
r-patched-linux-x86_64 1.0.0 1.47 19.87 21.34 OK
r-release-linux-x86_64 1.0.0 1.41 19.83 21.24 OK
r-release-macos-arm64 1.0.0 15.00 NOTE
r-release-macos-x86_64 1.0.0 25.00 NOTE
r-release-windows-x86_64 1.0.0 13.00 49.00 62.00 OK
r-oldrel-macos-arm64 1.0.0 14.00 NOTE
r-oldrel-macos-x86_64 1.0.0 23.00 NOTE
r-oldrel-windows-ix86+x86_64 1.0.0 7.00 45.00 52.00 OK

Check Details

Version: 1.0.0
Check: dependencies in R code
Result: NOTE
    Namespace in Imports field not imported from: ‘tidyverse’
     All declared Imports should be used.
Flavors: r-devel-linux-x86_64-fedora-clang, r-devel-linux-x86_64-fedora-gcc, r-release-macos-arm64, r-release-macos-x86_64, r-oldrel-macos-arm64, r-oldrel-macos-x86_64