Last updated on 2024-03-28 19:48:28 CET.
Flavor | Version | Tinstall | Tcheck | Ttotal | Status | Flags |
---|---|---|---|---|---|---|
r-devel-linux-x86_64-debian-clang | 2.1.3.3 | 19.07 | 413.81 | 432.88 | OK | |
r-devel-linux-x86_64-debian-gcc | 2.1.3.3 | 11.59 | 263.57 | 275.16 | OK | |
r-devel-linux-x86_64-fedora-clang | 2.1.3.3 | 484.72 | NOTE | |||
r-devel-linux-x86_64-fedora-gcc | 2.1.3.3 | 494.74 | OK | |||
r-devel-windows-x86_64 | 2.1.3.3 | 15.00 | 280.00 | 295.00 | NOTE | |
r-patched-linux-x86_64 | 2.1.3.3 | 15.93 | 388.27 | 404.20 | OK | |
r-release-linux-x86_64 | 2.1.3.3 | 16.22 | 382.97 | 399.19 | OK | |
r-release-macos-arm64 | 2.1.3.3 | 136.00 | NOTE | |||
r-release-macos-x86_64 | 2.1.3.3 | 269.00 | NOTE | |||
r-release-windows-x86_64 | 2.1.3.3 | 19.00 | 328.00 | 347.00 | NOTE | |
r-oldrel-macos-arm64 | 2.1.3.3 | 136.00 | NOTE | |||
r-oldrel-windows-x86_64 | 2.1.3.3 | 20.00 | 319.00 | 339.00 | NOTE |
Version: 2.1.3.3
Check: installed package size
Result: NOTE
installed size is 5.1Mb
sub-directories of 1Mb or more:
doc 1.6Mb
extdata 2.7Mb
Flavors: r-devel-linux-x86_64-fedora-clang, r-devel-windows-x86_64, r-release-macos-arm64, r-release-macos-x86_64, r-release-windows-x86_64, r-oldrel-macos-arm64, r-oldrel-windows-x86_64