Last updated on 2024-04-19 20:56:34 CEST.
Flavor | Version | Tinstall | Tcheck | Ttotal | Status | Flags |
---|---|---|---|---|---|---|
r-devel-linux-x86_64-debian-clang | 0.1.0 | 2.82 | 30.05 | 32.87 | NOTE | |
r-devel-linux-x86_64-debian-gcc | 0.1.0 | NOTE | ||||
r-devel-linux-x86_64-fedora-clang | 0.1.0 | 40.93 | NOTE | |||
r-devel-linux-x86_64-fedora-gcc | 0.1.0 | 39.12 | NOTE | |||
r-prerel-macos-arm64 | 0.1.0 | 18.00 | OK | |||
r-prerel-windows-x86_64 | 0.1.0 | 3.00 | 44.00 | 47.00 | OK | |
r-patched-linux-x86_64 | 0.1.0 | 2.85 | 28.27 | 31.12 | NOTE | |
r-release-linux-x86_64 | 0.1.0 | 2.87 | 28.91 | 31.78 | NOTE | |
r-release-macos-arm64 | 0.1.0 | 18.00 | OK | |||
r-release-macos-x86_64 | 0.1.0 | 24.00 | OK | |||
r-release-windows-x86_64 | 0.1.0 | 4.00 | 48.00 | 52.00 | OK | |
r-oldrel-macos-arm64 | 0.1.0 | 21.00 | OK | |||
r-oldrel-windows-x86_64 | 0.1.0 | 5.00 | 53.00 | 58.00 | OK |
Version: 0.1.0
Check: for non-standard things in the check directory
Result: NOTE
Found the following files/directories:
‘covfefe_inauguration.txt’
Flavors: r-devel-linux-x86_64-debian-clang, r-devel-linux-x86_64-debian-gcc, r-devel-linux-x86_64-fedora-clang, r-devel-linux-x86_64-fedora-gcc, r-patched-linux-x86_64, r-release-linux-x86_64