CRAN Package Check Results for Package covatest

Last updated on 2022-09-28 21:51:34 CEST.

Flavor Version Tinstall Tcheck Ttotal Status Flags
r-devel-linux-x86_64-debian-clang 1.2.1 17.79 98.54 116.33 OK
r-devel-linux-x86_64-debian-gcc 1.2.1 15.76 73.86 89.62 OK
r-devel-linux-x86_64-fedora-clang 1.2.1 161.97 NOTE
r-devel-linux-x86_64-fedora-gcc 1.2.1 150.17 NOTE
r-devel-windows-x86_64 1.2.1 28.00 122.00 150.00 OK
r-patched-linux-x86_64 1.2.1 15.68 95.28 110.96 OK
r-release-linux-x86_64 1.2.1 16.32 94.64 110.96 OK
r-release-macos-arm64 1.2.1 41.00 NOTE
r-release-macos-x86_64 1.2.1 55.00 NOTE
r-release-windows-x86_64 1.2.1 35.00 124.00 159.00 OK
r-oldrel-macos-arm64 1.2.1 46.00 NOTE
r-oldrel-macos-x86_64 1.2.1 55.00 NOTE
r-oldrel-windows-ix86+x86_64 1.2.1 33.00 124.00 157.00 OK

Check Details

Version: 1.2.1
Check: dependencies in R code
Result: NOTE
    Namespace in Imports field not imported from: ‘gstat’
     All declared Imports should be used.
Flavors: r-devel-linux-x86_64-fedora-clang, r-devel-linux-x86_64-fedora-gcc, r-release-macos-arm64, r-release-macos-x86_64, r-oldrel-macos-arm64, r-oldrel-macos-x86_64