Last updated on 2024-03-28 19:48:28 CET.
Flavor | Version | Tinstall | Tcheck | Ttotal | Status | Flags |
---|---|---|---|---|---|---|
r-devel-linux-x86_64-debian-clang | 0.1.4 | 202.25 | 40.49 | 242.74 | NOTE | |
r-devel-linux-x86_64-debian-gcc | 0.1.4 | 148.21 | 30.23 | 178.44 | NOTE | |
r-devel-linux-x86_64-fedora-clang | 0.1.4 | 360.96 | NOTE | |||
r-devel-linux-x86_64-fedora-gcc | 0.1.4 | 348.54 | NOTE | |||
r-devel-windows-x86_64 | 0.1.4 | 149.00 | 74.00 | 223.00 | NOTE | |
r-patched-linux-x86_64 | 0.1.4 | 195.92 | 38.89 | 234.81 | NOTE | |
r-release-linux-x86_64 | 0.1.4 | 196.10 | 38.62 | 234.72 | NOTE | |
r-release-macos-arm64 | 0.1.4 | 82.00 | NOTE | |||
r-release-macos-x86_64 | 0.1.4 | 119.00 | NOTE | |||
r-release-windows-x86_64 | 0.1.4 | 183.00 | 83.00 | 266.00 | NOTE | |
r-oldrel-macos-arm64 | 0.1.4 | 64.00 | NOTE | |||
r-oldrel-windows-x86_64 | 0.1.4 | 180.00 | 76.00 | 256.00 | NOTE |
Version: 0.1.4
Check: C++ specification
Result: NOTE
Specified C++11: please drop specification unless essential
Flavors: r-devel-linux-x86_64-debian-clang, r-devel-linux-x86_64-debian-gcc, r-devel-linux-x86_64-fedora-clang, r-devel-linux-x86_64-fedora-gcc, r-devel-windows-x86_64, r-patched-linux-x86_64, r-release-linux-x86_64, r-release-macos-arm64, r-release-macos-x86_64, r-release-windows-x86_64
Version: 0.1.4
Check: LazyData
Result: NOTE
'LazyData' is specified without a 'data' directory
Flavors: r-devel-linux-x86_64-debian-clang, r-devel-linux-x86_64-debian-gcc, r-devel-linux-x86_64-fedora-clang, r-devel-linux-x86_64-fedora-gcc, r-devel-windows-x86_64, r-patched-linux-x86_64, r-release-linux-x86_64, r-release-macos-arm64, r-release-macos-x86_64, r-release-windows-x86_64, r-oldrel-macos-arm64, r-oldrel-windows-x86_64