CRAN Package Check Results for Package covBM

Last updated on 2022-09-28 21:51:34 CEST.

Flavor Version Tinstall Tcheck Ttotal Status Flags
r-devel-linux-x86_64-debian-clang 0.1.0 3.89 55.75 59.64 OK
r-devel-linux-x86_64-debian-gcc 0.1.0 2.57 45.75 48.32 OK
r-devel-linux-x86_64-fedora-clang 0.1.0 88.39 NOTE
r-devel-linux-x86_64-fedora-gcc 0.1.0 83.15 NOTE
r-devel-windows-x86_64 0.1.0 15.00 104.00 119.00 OK
r-patched-linux-x86_64 0.1.0 2.89 56.81 59.70 OK
r-release-linux-x86_64 0.1.0 3.48 55.90 59.38 OK
r-release-macos-arm64 0.1.0 32.00 OK
r-release-macos-x86_64 0.1.0 43.00 OK
r-release-windows-x86_64 0.1.0 15.00 115.00 130.00 OK
r-oldrel-macos-arm64 0.1.0 42.00 OK
r-oldrel-macos-x86_64 0.1.0 63.00 OK
r-oldrel-windows-ix86+x86_64 0.1.0 10.00 114.00 124.00 OK

Check Details

Version: 0.1.0
Check: compiled code
Result: NOTE
    File ‘covBM/libs/covBM.so’:
     Found no calls to: ‘R_registerRoutines’, ‘R_useDynamicSymbols’
    
    It is good practice to register native routines and to disable symbol
    search.
    
    See ‘Writing portable packages’ in the ‘Writing R Extensions’ manual.
Flavors: r-devel-linux-x86_64-fedora-clang, r-devel-linux-x86_64-fedora-gcc