Last updated on 2024-03-28 19:48:28 CET.
Flavor | Version | Tinstall | Tcheck | Ttotal | Status | Flags |
---|---|---|---|---|---|---|
r-devel-linux-x86_64-debian-clang | 1.6.0 | 4.04 | 92.60 | 96.64 | OK | |
r-devel-linux-x86_64-debian-gcc | 1.6.0 | 4.03 | 66.61 | 70.64 | OK | |
r-devel-linux-x86_64-fedora-clang | 1.6.0 | 119.78 | NOTE | |||
r-devel-linux-x86_64-fedora-gcc | 1.6.0 | 116.54 | NOTE | |||
r-devel-windows-x86_64 | 1.6.0 | 4.00 | 145.00 | 149.00 | OK | |
r-patched-linux-x86_64 | 1.6.0 | 4.96 | 90.26 | 95.22 | OK | |
r-release-linux-x86_64 | 1.6.0 | 4.69 | 88.68 | 93.37 | OK | |
r-release-macos-arm64 | 1.6.0 | 57.00 | OK | |||
r-release-macos-x86_64 | 1.6.0 | 133.00 | OK | |||
r-release-windows-x86_64 | 1.6.0 | 8.00 | 159.00 | 167.00 | OK | |
r-oldrel-macos-arm64 | 1.6.0 | 45.00 | OK | |||
r-oldrel-windows-x86_64 | 1.6.0 | 6.00 | 168.00 | 174.00 | OK |
Version: 1.6.0
Check: data for non-ASCII characters
Result: NOTE
Note: found 140280 marked UTF-8 strings
Flavors: r-devel-linux-x86_64-fedora-clang, r-devel-linux-x86_64-fedora-gcc