Last updated on 2025-11-20 19:49:55 CET.
| Flavor | Version | Tinstall | Tcheck | Ttotal | Status | Flags |
|---|---|---|---|---|---|---|
| r-devel-linux-x86_64-debian-clang | 0.5-3 | 7.08 | 123.87 | 130.95 | OK | |
| r-devel-linux-x86_64-debian-gcc | 0.6-0 | 6.13 | 97.35 | 103.48 | OK | |
| r-devel-linux-x86_64-fedora-clang | 0.6-0 | 47.00 | 186.24 | 233.24 | OK | |
| r-devel-linux-x86_64-fedora-gcc | 0.6-0 | 73.00 | 171.51 | 244.51 | OK | |
| r-devel-windows-x86_64 | 0.5-3 | 11.00 | 151.00 | 162.00 | OK | |
| r-patched-linux-x86_64 | 0.5-3 | 7.45 | 113.54 | 120.99 | OK | |
| r-release-linux-x86_64 | 0.5-3 | 6.93 | 113.77 | 120.70 | OK | |
| r-release-macos-arm64 | 0.6-0 | 4.00 | 58.00 | 62.00 | WARN | |
| r-release-macos-x86_64 | 0.6-0 | 8.00 | 164.00 | 172.00 | OK | |
| r-release-windows-x86_64 | 0.5-3 | 10.00 | 146.00 | 156.00 | OK | |
| r-oldrel-macos-arm64 | 0.6-0 | 4.00 | 53.00 | 57.00 | WARN | |
| r-oldrel-macos-x86_64 | 0.6-0 | 10.00 | 215.00 | 225.00 | WARN | |
| r-oldrel-windows-x86_64 | 0.5-3 | 12.00 | 175.00 | 187.00 | OK |
Version: 0.6-0
Check: re-building of vignette outputs
Result: WARN
Error(s) in re-building vignettes:
--- re-building ‘cotram.Rnw’ using knitr
trying URL 'https://zenodo.org/record/17179/files/DVC.tgz'
Content type 'application/octet-stream' length 2292581 bytes (2.2 MB)
==================================================
downloaded 2.2 MB
Error: processing vignette 'cotram.Rnw' failed with diagnostics:
Running 'texi2dvi' on 'cotram.tex' failed.
LaTeX errors:
! LaTeX Error: File `accents.sty' not found.
Type X to quit or <RETURN> to proceed,
or enter new name. (Default extension: sty)
! Emergency stop.
<read *>
l.27 \usepackage
{color}^^M
! ==> Fatal error occurred, no output PDF file produced!
--- failed re-building ‘cotram.Rnw’
SUMMARY: processing the following file failed:
‘cotram.Rnw’
Error: Vignette re-building failed.
Execution halted
Flavors: r-release-macos-arm64, r-oldrel-macos-arm64
Version: 0.6-0
Check: package subdirectories
Result: WARN
Subdirectory 'demo' contains invalid file names:
‘aquabirds.Rout.save’
Please remove or rename the files.
See section ‘Package subdirectories’ in the ‘Writing R Extensions’
manual.
Flavor: r-oldrel-macos-x86_64