Last updated on 2025-11-26 19:51:18 CET.
| Flavor | Version | Tinstall | Tcheck | Ttotal | Status | Flags |
|---|---|---|---|---|---|---|
| r-devel-linux-x86_64-debian-clang | 0.2.1 | 9.30 | 99.55 | 108.85 | NOTE | |
| r-devel-linux-x86_64-debian-gcc | 0.2.1 | 4.40 | 71.52 | 75.92 | NOTE | |
| r-devel-linux-x86_64-fedora-clang | 0.2.1 | 19.00 | 146.26 | 165.26 | OK | |
| r-devel-linux-x86_64-fedora-gcc | 0.2.1 | 18.00 | 151.88 | 169.88 | OK | |
| r-devel-windows-x86_64 | 0.2.1 | 12.00 | 111.00 | 123.00 | OK | |
| r-patched-linux-x86_64 | 0.2.1 | 8.96 | 96.43 | 105.39 | OK | |
| r-release-linux-x86_64 | 0.2.1 | 9.04 | 96.16 | 105.20 | OK | |
| r-release-macos-arm64 | 0.2.1 | OK | ||||
| r-release-macos-x86_64 | 0.2.1 | 7.00 | 82.00 | 89.00 | OK | |
| r-release-windows-x86_64 | 0.2.1 | 10.00 | 102.00 | 112.00 | OK | |
| r-oldrel-macos-arm64 | 0.2.1 | OK | ||||
| r-oldrel-macos-x86_64 | 0.2.1 | 14.00 | 69.00 | 83.00 | OK | |
| r-oldrel-windows-x86_64 | 0.2.1 | 15.00 | 128.00 | 143.00 | OK |
Version: 0.2.1
Check: CRAN incoming feasibility
Result: NOTE
Maintainer: ‘Augustin Mutak <mutak94@gmail.com>’
No Authors@R field in DESCRIPTION.
Please add one, modifying
Authors@R: person(given = "Augustin",
family = "Mutak",
role = c("aut", "cre"),
email = "mutak94@gmail.com")
as necessary.
Flavors: r-devel-linux-x86_64-debian-clang, r-devel-linux-x86_64-debian-gcc