Last updated on 2024-03-28 19:48:28 CET.
Flavor | Version | Tinstall | Tcheck | Ttotal | Status | Flags |
---|---|---|---|---|---|---|
r-devel-linux-x86_64-debian-clang | 0.2.0 | 15.04 | 212.54 | 227.58 | OK | |
r-devel-linux-x86_64-debian-gcc | 0.2.0 | 13.70 | 160.30 | 174.00 | OK | |
r-devel-linux-x86_64-fedora-clang | 0.2.0 | 291.39 | NOTE | |||
r-devel-linux-x86_64-fedora-gcc | 0.2.0 | 311.95 | NOTE | |||
r-devel-windows-x86_64 | 0.2.0 | 15.00 | 173.00 | 188.00 | OK | |
r-patched-linux-x86_64 | 0.2.0 | 14.81 | 207.90 | 222.71 | OK | |
r-release-linux-x86_64 | 0.2.0 | 19.42 | 203.84 | 223.26 | OK | |
r-release-macos-arm64 | 0.2.0 | 84.00 | OK | |||
r-release-macos-x86_64 | 0.2.0 | 143.00 | OK | |||
r-release-windows-x86_64 | 0.2.0 | 21.00 | 219.00 | 240.00 | OK | |
r-oldrel-macos-arm64 | 0.2.0 | 74.00 | NOTE | |||
r-oldrel-windows-x86_64 | 0.2.0 | 22.00 | 230.00 | 252.00 | OK |
Version: 0.2.0
Check: dependencies in R code
Result: NOTE
Namespace in Imports field not imported from: ‘utils’
All declared Imports should be used.
Flavors: r-devel-linux-x86_64-fedora-clang, r-devel-linux-x86_64-fedora-gcc, r-oldrel-macos-arm64