CRAN Package Check Results for Package corpustools

Last updated on 2022-09-24 21:50:59 CEST.

Flavor Version Tinstall Tcheck Ttotal Status Flags
r-devel-linux-x86_64-debian-clang 0.4.10 101.73 183.72 285.45 NOTE
r-devel-linux-x86_64-debian-gcc 0.4.10 77.40 128.52 205.92 NOTE
r-devel-linux-x86_64-fedora-clang 0.4.10 371.97 NOTE
r-devel-linux-x86_64-fedora-gcc 0.4.10 337.80 NOTE
r-devel-windows-x86_64 0.4.10 203.00 234.00 437.00 NOTE
r-patched-linux-x86_64 0.4.10 88.55 165.80 254.35 OK
r-release-linux-x86_64 0.4.10 74.41 164.21 238.62 OK
r-release-macos-arm64 0.4.10 87.00 NOTE
r-release-macos-x86_64 0.4.10 119.00 NOTE
r-release-windows-x86_64 0.4.10 202.00 232.00 434.00 OK
r-oldrel-macos-arm64 0.4.10 83.00 NOTE
r-oldrel-macos-x86_64 0.4.10 115.00 NOTE
r-oldrel-windows-ix86+x86_64 0.4.10 229.00 268.00 497.00 OK

Check Details

Version: 0.4.10
Check: Rd files
Result: NOTE
    checkRd: (-1) sgt.Rd:16: Escaped LaTeX specials: \&
Flavors: r-devel-linux-x86_64-debian-clang, r-devel-linux-x86_64-debian-gcc, r-devel-linux-x86_64-fedora-clang, r-devel-linux-x86_64-fedora-gcc, r-devel-windows-x86_64

Version: 0.4.10
Check: data for non-ASCII characters
Result: NOTE
     Note: found 438 marked UTF-8 strings
Flavors: r-devel-linux-x86_64-fedora-clang, r-devel-linux-x86_64-fedora-gcc, r-release-macos-arm64, r-release-macos-x86_64, r-oldrel-macos-arm64, r-oldrel-macos-x86_64